{"id":618,"date":"2024-12-30T20:55:45","date_gmt":"2024-12-30T20:55:45","guid":{"rendered":"https:\/\/www.curico.cl\/home\/?page_id=618"},"modified":"2025-08-07T17:06:12","modified_gmt":"2025-08-07T17:06:12","slug":"direccion-de-obras-municipales","status":"publish","type":"page","link":"https:\/\/www.curico.cl\/home\/direccion-de-obras-municipales\/","title":{"rendered":"Direcci\u00f3n de Obras Municipales"},"content":{"rendered":"\t\t<div data-elementor-type=\"wp-page\" data-elementor-id=\"618\" class=\"elementor elementor-618\" data-elementor-post-type=\"page\">\n\t\t\t\t<div class=\"elementor-element elementor-element-33d89b4 e-flex e-con-boxed e-con e-parent\" data-id=\"33d89b4\" data-element_type=\"container\" data-e-type=\"container\">\n\t\t\t\t\t<div class=\"e-con-inner\">\n\t\t<div class=\"elementor-element elementor-element-5cfbe47 e-con-full e-flex e-con e-child\" data-id=\"5cfbe47\" data-element_type=\"container\" data-e-type=\"container\">\n\t\t\t\t<div class=\"elementor-element elementor-element-c5d3b4a elementor-widget elementor-widget-text-editor\" data-id=\"c5d3b4a\" data-element_type=\"widget\" data-e-type=\"widget\" data-widget_type=\"text-editor.default\">\n\t\t\t\t<div class=\"elementor-widget-container\">\n\t\t\t\t\t\t\t\t\t<p style=\"text-align: justify;\">La Direcci\u00f3n de Obras Municipales, es una unidad asesora y operativa en materias relativas al Plan Regulador Comunal, permisos de edificaci\u00f3n, a tareas de inspecci\u00f3n, ejecuci\u00f3n de proyectos de inversi\u00f3n regional y del municipio.<\/p><p style=\"text-align: justify;\">Es tambi\u00e9n una unidad resolutiva, en materias que la Ley General de Urbanismo y Construcciones y la Ordenanza General de Construcciones y Urbanizaci\u00f3n entreguen exclusivamente a su competencia y decisi\u00f3n.<\/p><p style=\"text-align: justify;\">La Direcci\u00f3n de Obras Municipales deber\u00e1 cumplir las siguientes funciones:<\/p><ol style=\"text-align: justify;\"><li>Velar por el cumplimiento de las disposiciones de la Ley General de Urbanismo y Construcciones, del Plan Regulador Comunal y de las ordenanzas correspondientes, para cuyo efecto gozar\u00e1 de las siguientes atribuciones espec\u00edficas:<\/li><\/ol><ol style=\"text-align: justify;\"><li>Dar aprobaci\u00f3n a las subdivisiones de predios urbanos.<\/li><li>Dar aprobaci\u00f3n a los proyectos de obras de urbanizaci\u00f3n y de construcci\u00f3n.<\/li><li>Otorgar los permisos de edificaci\u00f3n de las obras se\u00f1aladas en el n\u00famero anterior.<\/li><li>Fiscalizar la ejecuci\u00f3n de dichas obras hasta el momento de su recepci\u00f3n.<\/li><li>Recepcionar las obras ya citadas y autorizar su uso.<\/li><\/ol><ol style=\"text-align: justify;\"><li>Fiscalizar las obras en uso, a fin de verificar el cumplimiento de las disposiciones legales y t\u00e9cnicas que las rijan.<\/li><li>Aplicar normas ambientales relacionadas con obras de construcci\u00f3n y urbanizaci\u00f3n.<\/li><li>Confeccionar y mantener actualizado el catastro de las obras de urbanizaci\u00f3n y edificaci\u00f3n realizadas en la comuna.<\/li><li>Ejecutar medidas relacionadas con la vialidad urbana y rural seg\u00fan plan regulador.<\/li><li>Dirigir las construcciones de responsabilidad municipal, sean ejecutadas directamente o a trav\u00e9s de Terceros,<\/li><li>Aprobar factibilidades de patentes comerciales<\/li><li>Aplicar las normas legales sobre construcci\u00f3n y urbanizaci\u00f3n en la comuna.<\/li><\/ol><p style=\"text-align: justify;\">As\u00ed, de la Direcci\u00f3n de Obras Municipales depender\u00e1n directamente las siguientes dependencias:<\/p><ol><li style=\"text-align: justify;\">Departamento El\u00e9ctrico<\/li><li style=\"text-align: justify;\">Oficina de Patentes y Solicitudes Especiales<\/li><li style=\"text-align: justify;\">Oficina de Inspecci\u00f3n y Recepci\u00f3n Final<\/li><li style=\"text-align: justify;\">Oficina de Catastro<\/li><li style=\"text-align: justify;\">Oficina Edificaci\u00f3n<\/li><li style=\"text-align: justify;\">Oficina de Mantenci\u00f3n Municipal<\/li><\/ol>\t\t\t\t\t\t\t\t<\/div>\n\t\t\t\t<\/div>\n\t\t\t\t<\/div>\n\t\t<div class=\"elementor-element elementor-element-9f24abb e-con-full e-flex e-con e-child\" data-id=\"9f24abb\" data-element_type=\"container\" data-e-type=\"container\">\n\t\t<div class=\"elementor-element elementor-element-82acd0c e-con-full e-flex e-con e-child\" data-id=\"82acd0c\" data-element_type=\"container\" data-e-type=\"container\">\n\t\t\t\t<div class=\"elementor-element elementor-element-01fbb13 elementor-widget elementor-widget-pafe-vertical-timeline\" data-id=\"01fbb13\" data-element_type=\"widget\" data-e-type=\"widget\" data-widget_type=\"pafe-vertical-timeline.default\">\n\t\t\t\t<div class=\"elementor-widget-container\">\n\t\t\t\t\t\t\t<div class=\"cd-timeline js-cd-timeline pafe-vertical-timeline\" data-pafe-vertical-timeline>\n\t\t\t<div class=\"cd-timeline__container\">\n\t\t\t\t\t<div class=\"cd-timeline__block pafe-vertical-timeline__block\">\n\t\t\t\t\t\t\t\t\t\t\n\t\t\t\t\t\t<div class=\"cd-timeline__img cd-timeline__img--picture pafe-vertical-timeline__icon\">\t\t\n\t\t\t\t\t\t\t<i class=\"fa fa-user\" aria-hidden=\"true\"><\/i>\t\n\t\t\t\t\t\t<\/div>\t\n\t\t\t\t\t\t \n\t\t\t\t\t\t\t\t\t<div class=\"cd-timeline__content text-component pafe-vertical-timeline-content\" data-pafe-vertical-timeline-content>\n\t\t\t\t\t\t<div class=\"pafe-vertical-timeline-content__title\">Director<\/div>\n\t\t\t\t\t\t<div class=\"color-contrast-medium pafe-vertical-timeline-content__content\"><p>Patricio Mora<\/p><\/div>\n\t\t\t\n\t\t\t\t\t\t<div class=\"flex justify-between items-center pafe-vertical-timeline__dates\">\n\t\t\t\t\t        \n\t\t\t\t\t        \t\n\t\t\t\t\t    <\/div> \t\t\t\t\t\t\t\n\t\t\t\t\t<\/div> \n\t\t\t\t\t\t\t\t\n\t\t\t<\/div>\t  \n\t\t\t\t\t<div class=\"cd-timeline__block pafe-vertical-timeline__block\">\n\t\t\t\t\t\t\t\t\t\t\n\t\t\t\t\t\t<div class=\"cd-timeline__img cd-timeline__img--picture pafe-vertical-timeline__icon\">\t\t\n\t\t\t\t\t\t\t<i class=\"fa fa-envelope-open\" aria-hidden=\"true\"><\/i>\t\n\t\t\t\t\t\t<\/div>\t\n\t\t\t\t\t\t \n\t\t\t\t\t\t\t\t\t<div class=\"cd-timeline__content text-component pafe-vertical-timeline-content\" data-pafe-vertical-timeline-content>\n\t\t\t\t\t\t<div class=\"pafe-vertical-timeline-content__title\">Correo<\/div>\n\t\t\t\t\t\t<div class=\"color-contrast-medium pafe-vertical-timeline-content__content\"><p>obras@curico.cl<\/p><\/div>\n\t\t\t\n\t\t\t\t\t\t<div class=\"flex justify-between items-center pafe-vertical-timeline__dates\">\n\t\t\t\t\t        \n\t\t\t\t\t        \t\n\t\t\t\t\t    <\/div> \t\t\t\t\t\t\t\n\t\t\t\t\t<\/div> \n\t\t\t\t\t\t\t\t\n\t\t\t<\/div>\t  \n\t\t\t\t\t<div class=\"cd-timeline__block pafe-vertical-timeline__block\">\n\t\t\t\t\t\t\t\t\t\t\n\t\t\t\t\t\t<div class=\"cd-timeline__img cd-timeline__img--picture pafe-vertical-timeline__icon\">\t\t\n\t\t\t\t\t\t\t<i class=\"fa fa-map-marker\" aria-hidden=\"true\"><\/i>\t\n\t\t\t\t\t\t<\/div>\t\n\t\t\t\t\t\t \n\t\t\t\t\t\t\t\t\t<div class=\"cd-timeline__content text-component pafe-vertical-timeline-content\" data-pafe-vertical-timeline-content>\n\t\t\t\t\t\t<div class=\"pafe-vertical-timeline-content__title\">Direcci\u00f3n<\/div>\n\t\t\t\t\t\t<div class=\"color-contrast-medium pafe-vertical-timeline-content__content\"><p><span class=\"LrzXr\">Edificio Consistorial 2 piso, Estado 279<\/span><\/p><\/div>\n\t\t\t\n\t\t\t\t\t\t<div class=\"flex justify-between items-center pafe-vertical-timeline__dates\">\n\t\t\t\t\t        \n\t\t\t\t\t        \t\n\t\t\t\t\t    <\/div> \t\t\t\t\t\t\t\n\t\t\t\t\t<\/div> \n\t\t\t\t\t\t\t\t\n\t\t\t<\/div>\t  \n\t\t\t\n\t\t<\/div>\n\t\t\t\t\t\t<\/div>\n\t\t\t\t<\/div>\n\t\t\t\t<\/div>\n\t\t\t\t<\/div>\n\t\t\t\t\t<\/div>\n\t\t\t\t<\/div>\n\t\t\t\t<\/div>\n\t\t","protected":false},"excerpt":{"rendered":"<p>La Direcci\u00f3n de Obras Municipales, es una unidad asesora y operativa en materias relativas al Plan Regulador Comunal, permisos de edificaci\u00f3n, a tareas de inspecci\u00f3n, ejecuci\u00f3n de proyectos de inversi\u00f3n regional y del municipio. Es tambi\u00e9n una unidad resolutiva, en materias que la Ley General de Urbanismo y Construcciones y la Ordenanza General de Construcciones [&hellip;]<\/p>\n","protected":false},"author":1,"featured_media":0,"parent":0,"menu_order":0,"comment_status":"closed","ping_status":"closed","template":"","meta":{"footnotes":""},"class_list":["post-618","page","type-page","status-publish","hentry"],"rttpg_featured_image_url":null,"rttpg_author":{"display_name":"municco","author_link":"https:\/\/www.curico.cl\/home\/author\/municco\/"},"rttpg_comment":0,"rttpg_category":null,"rttpg_excerpt":"La Direcci\u00f3n de Obras Municipales, es una unidad asesora y operativa en materias relativas al Plan Regulador Comunal, permisos de edificaci\u00f3n, a tareas de inspecci\u00f3n, ejecuci\u00f3n de proyectos de inversi\u00f3n regional y del municipio. Es tambi\u00e9n una unidad resolutiva, en materias que la Ley General de Urbanismo y Construcciones y la Ordenanza General de Construcciones&hellip;","_links":{"self":[{"href":"https:\/\/www.curico.cl\/home\/wp-json\/wp\/v2\/pages\/618","targetHints":{"allow":["GET"]}}],"collection":[{"href":"https:\/\/www.curico.cl\/home\/wp-json\/wp\/v2\/pages"}],"about":[{"href":"https:\/\/www.curico.cl\/home\/wp-json\/wp\/v2\/types\/page"}],"author":[{"embeddable":true,"href":"https:\/\/www.curico.cl\/home\/wp-json\/wp\/v2\/users\/1"}],"replies":[{"embeddable":true,"href":"https:\/\/www.curico.cl\/home\/wp-json\/wp\/v2\/comments?post=618"}],"version-history":[{"count":3,"href":"https:\/\/www.curico.cl\/home\/wp-json\/wp\/v2\/pages\/618\/revisions"}],"predecessor-version":[{"id":4533,"href":"https:\/\/www.curico.cl\/home\/wp-json\/wp\/v2\/pages\/618\/revisions\/4533"}],"wp:attachment":[{"href":"https:\/\/www.curico.cl\/home\/wp-json\/wp\/v2\/media?parent=618"}],"curies":[{"name":"wp","href":"https:\/\/api.w.org\/{rel}","templated":true}]}}