{"id":606,"date":"2024-12-30T20:53:00","date_gmt":"2024-12-30T20:53:00","guid":{"rendered":"https:\/\/www.curico.cl\/home\/?page_id=606"},"modified":"2025-08-07T17:13:34","modified_gmt":"2025-08-07T17:13:34","slug":"secretaria-municipal","status":"publish","type":"page","link":"https:\/\/www.curico.cl\/home\/secretaria-municipal\/","title":{"rendered":"Secretar\u00eda Municipal"},"content":{"rendered":"\t\t<div data-elementor-type=\"wp-page\" data-elementor-id=\"606\" class=\"elementor elementor-606\" data-elementor-post-type=\"page\">\n\t\t\t\t<div class=\"elementor-element elementor-element-a3674dc e-flex e-con-boxed e-con e-parent\" data-id=\"a3674dc\" data-element_type=\"container\" data-e-type=\"container\">\n\t\t\t\t\t<div class=\"e-con-inner\">\n\t\t<div class=\"elementor-element elementor-element-fac9e57 e-con-full e-flex e-con e-child\" data-id=\"fac9e57\" data-element_type=\"container\" data-e-type=\"container\">\n\t\t\t\t<div class=\"elementor-element elementor-element-7563985 elementor-widget elementor-widget-text-editor\" data-id=\"7563985\" data-element_type=\"widget\" data-e-type=\"widget\" data-widget_type=\"text-editor.default\">\n\t\t\t\t<div class=\"elementor-widget-container\">\n\t\t\t\t\t\t\t\t\t<h6 style=\"text-align: justify;\"><strong>La Direcci\u00f3n de Secretar\u00eda Municipal<\/strong>, deber\u00e1 cumplir las siguientes funciones:<\/h6><ol style=\"text-align: justify;\"><li><h6>Dirigir las actividades de secretar\u00eda administrativa del Alcalde, del Concejo, del Consejo Comunal de Organizaciones de la Sociedad Civil y del Consejo Comunal de Seguridad P\u00fablica.<\/h6><\/li><li><h6>Desempe\u00f1arse como Ministro de Fe en todas las actuaciones municipales.<\/h6><\/li><li><h6>Recibir, mantener y tramitar, cuando corresponda, la declaraci\u00f3n de intereses establecida por la Ley N\u00b0 1575<em>.<\/em><\/h6><\/li><li><h6>Llevar el registro municipal a que se refiere el art\u00edculo 6\u00b0 de la Ley N\u00b0 19.418, sobre Juntas de Vecinos y dem\u00e1s Organizaciones Comunitarias.<\/h6><\/li><li><h6>Llevar un registro de correspondencia interna en la Secretar\u00eda<\/h6><\/li><li><h6>Llevar un registro de documentos para la firma del Secretario Municipal y del Alcalde, provenientes de las distintas unidades municipales.<\/h6><\/li><li><h6>Llevar registros de numeraci\u00f3n para los Decretos, Decretos Exentos, Reglamentos, Instrucciones, y Oficios tanto del Secretario Municipal, como del Alcalde.<\/h6><\/li><li><h6>Preocuparse de la oportuna distribuci\u00f3n y despacho de la documentaci\u00f3n numerada.<\/h6><\/li><li><h6>Recepcionar y preparar documentaci\u00f3n para su certificaci\u00f3n conforme al original o al documento que se ha tenido a la vista.<\/h6><\/li><li><h6>Redacci\u00f3n de Decretos, Decretos exentos, Reglamentos, Instrucciones y oficios encomendados a la Secretaria Municipal.<\/h6><\/li><li><h6>Preparaci\u00f3n y despacho de correo institucional, conforme a convenio existente con la Empresa de Correos de Chile.<\/h6><\/li><li><h6>Llevar un registro de Decretos de Pago derivados para la firma del Secretario Municipal y Administrador Municipal.<\/h6><\/li><li><h6>Tendr\u00e1 a cargo la gesti\u00f3n de archivo f\u00edsico y digital de los Decretos, Decretos Exentos, Reglamentos, Instrucciones y Oficios.<\/h6><\/li><li><h6>Deber\u00e1 registrar y digitalizar las solicitudes recibidas por correo postal o presencial y los informes de los departamentos respecto de \u00e9stas, confeccionar los Oficios Respuestas, y llevar un registro con todas las solicitudes que han ingresado y el tr\u00e1mite que se le han dado, trabajar con el Portal de Transparencia, en materia de transparencia pasiva.<\/h6><\/li><li><h6>Deber\u00e1 confeccionar las planillas con los decretos del mes que se deben publicar en la p\u00e1gina web municipal, adjuntando los documentos escaneados en formato PDF y debiendo borrar los datos de car\u00e1cter personal, en materia de transparencia activa.<\/h6><\/li><li><h6>Integrar el Concejo Municipal de Curic\u00f3, en su calidad de Ministro de Fe.<\/h6><\/li><li><h6>Integrar el Consejo Comunal de Seguridad P\u00fablica de Curic\u00f3, constituido con fecha 10\/07\/2015.<\/h6><\/li><li><h6>Dar cumplimiento a las disposiciones contenidas en la Ley Org\u00e1nica Constitucional de Municipalidades N\u00b0 18.695, modificada por la Ley N\u00b0 20.500 de fecha 04\/02\/2011 con respecto al Consejo Comunal de Organizaciones de la Sociedad Civil y su Reglamento.<\/h6><\/li><li><h6>Integrar la Junta Calificadora del Personal de Planta y Contrata de la Ilustre Municipalidad de Curic\u00f3 y las Comisiones de llamados a concursos p\u00fablicos.<\/h6><\/li><li><h6>Integrar las comisiones calificadoras de concursos de directores, en virtud de lo que establece el Art\u00edculo 88\u00b0 del Decreto 453 del a\u00f1o 1992 que aprueba el Reglamento de la ley 19.070, Estatuto de los Profesionales de la Educaci\u00f3n.\u00a0<\/h6><\/li><li><h6>Dar cumplimiento a las disposiciones contenidas en la Ley N\u00b0 20.730 de fecha 03\/03\/2014 que regula el Lobby y las gestiones que representen intereses particulares ante las autoridades y funcionarios.<\/h6><\/li><li><h6>Ley de Copropiedad Inmobiliaria al autorizar el Acta que se levante de las reuniones celebradas en la Municipalidad y de los acuerdos llegados (Ley N\u00b0 19.357, Articulo 35 de Ley de Copropiedad Inmobiliaria).<\/h6><\/li><li><h6>Actuar como Ministro de Fe frente a la constituci\u00f3n de Asociaciones y\/o Comunidades Ind\u00edgenas, en conformidad a la Ley Ind\u00edgena N\u00b0 19.253.<\/h6><\/li><li><h6>Coordinar todo el proceso de Solicitudes de Informaci\u00f3n ingresadas al municipio, desde su ingreso hasta la firma de la respuesta por parte de la autoridad y su posterior despacho, de acuerdo a lo solicitado por el requirente, y en conformidad a lo establecido en la Ley N\u00b0 20.285 sobre Acceso a la Informaci\u00f3n P\u00fablica, y lo dispuesto por Decreto Exento N\u00b0 1073, de fecha 18\/03\/2015.<\/h6><\/li><\/ol><h6 style=\"text-align: justify;\"><strong>\u00a0<\/strong><\/h6><h6 style=\"text-align: justify;\">As\u00ed, de la Direcci\u00f3n de Secretar\u00eda Municipal, depender\u00e1n directamente las siguientes dependencias:<\/h6><ol><li style=\"text-align: justify;\"><h6>Oficina de Personas Jur\u00eddicas<\/h6><\/li><li style=\"text-align: justify;\"><h6>Oficina de Informaciones, Reclamos y Sugerencias<\/h6><\/li><li style=\"text-align: justify;\"><h6>Oficina de Sala de Actas<\/h6><\/li><li style=\"text-align: justify;\"><h6>Oficina de Concejo Municipal<\/h6><\/li><li><h6 style=\"text-align: justify;\">Oficina de Transparencia<\/h6><\/li><\/ol>\t\t\t\t\t\t\t\t<\/div>\n\t\t\t\t<\/div>\n\t\t\t\t<\/div>\n\t\t<div class=\"elementor-element elementor-element-b77291a e-con-full e-flex e-con e-child\" data-id=\"b77291a\" data-element_type=\"container\" data-e-type=\"container\">\n\t\t<div class=\"elementor-element elementor-element-73313ed e-con-full e-flex e-con e-child\" data-id=\"73313ed\" data-element_type=\"container\" data-e-type=\"container\">\n\t\t\t\t<div class=\"elementor-element elementor-element-cc1fcde elementor-widget elementor-widget-pafe-vertical-timeline\" data-id=\"cc1fcde\" data-element_type=\"widget\" data-e-type=\"widget\" data-widget_type=\"pafe-vertical-timeline.default\">\n\t\t\t\t<div class=\"elementor-widget-container\">\n\t\t\t\t\t\t\t<div class=\"cd-timeline js-cd-timeline pafe-vertical-timeline\" data-pafe-vertical-timeline>\n\t\t\t<div class=\"cd-timeline__container\">\n\t\t\t\t\t<div class=\"cd-timeline__block pafe-vertical-timeline__block\">\n\t\t\t\t\t\t\t\t\t\t\n\t\t\t\t\t\t<div class=\"cd-timeline__img cd-timeline__img--picture pafe-vertical-timeline__icon\">\t\t\n\t\t\t\t\t\t\t<i class=\"fa fa-user\" aria-hidden=\"true\"><\/i>\t\n\t\t\t\t\t\t<\/div>\t\n\t\t\t\t\t\t \n\t\t\t\t\t\t\t\t\t<div class=\"cd-timeline__content text-component pafe-vertical-timeline-content\" data-pafe-vertical-timeline-content>\n\t\t\t\t\t\t<div class=\"pafe-vertical-timeline-content__title\">Secretario Municipal<\/div>\n\t\t\t\t\t\t<div class=\"color-contrast-medium pafe-vertical-timeline-content__content\"><p>Juan Rafael Gonz\u00e1lez V\u00e1squez<\/p><\/div>\n\t\t\t\n\t\t\t\t\t\t<div class=\"flex justify-between items-center pafe-vertical-timeline__dates\">\n\t\t\t\t\t        \n\t\t\t\t\t        \t\n\t\t\t\t\t    <\/div> \t\t\t\t\t\t\t\n\t\t\t\t\t<\/div> \n\t\t\t\t\t\t\t\t\n\t\t\t<\/div>\t  \n\t\t\t\t\t<div class=\"cd-timeline__block pafe-vertical-timeline__block\">\n\t\t\t\t\t\t\t\t\t\t\n\t\t\t\t\t\t<div class=\"cd-timeline__img cd-timeline__img--picture pafe-vertical-timeline__icon\">\t\t\n\t\t\t\t\t\t\t<i class=\"fa fa-envelope-open\" aria-hidden=\"true\"><\/i>\t\n\t\t\t\t\t\t<\/div>\t\n\t\t\t\t\t\t \n\t\t\t\t\t\t\t\t\t<div class=\"cd-timeline__content text-component pafe-vertical-timeline-content\" data-pafe-vertical-timeline-content>\n\t\t\t\t\t\t<div class=\"pafe-vertical-timeline-content__title\">Correo<\/div>\n\t\t\t\t\t\t<div class=\"color-contrast-medium pafe-vertical-timeline-content__content\"><p>secretariamunicipal@curico.cl<\/p><\/div>\n\t\t\t\n\t\t\t\t\t\t<div class=\"flex justify-between items-center pafe-vertical-timeline__dates\">\n\t\t\t\t\t        \n\t\t\t\t\t        \t\n\t\t\t\t\t    <\/div> \t\t\t\t\t\t\t\n\t\t\t\t\t<\/div> \n\t\t\t\t\t\t\t\t\n\t\t\t<\/div>\t  \n\t\t\t\t\t<div class=\"cd-timeline__block pafe-vertical-timeline__block\">\n\t\t\t\t\t\t\t\t\t\t\n\t\t\t\t\t\t<div class=\"cd-timeline__img cd-timeline__img--picture pafe-vertical-timeline__icon\">\t\t\n\t\t\t\t\t\t\t<i class=\"fa fa-map-marker\" aria-hidden=\"true\"><\/i>\t\n\t\t\t\t\t\t<\/div>\t\n\t\t\t\t\t\t \n\t\t\t\t\t\t\t\t\t<div class=\"cd-timeline__content text-component pafe-vertical-timeline-content\" data-pafe-vertical-timeline-content>\n\t\t\t\t\t\t<div class=\"pafe-vertical-timeline-content__title\">Direcci\u00f3n<\/div>\n\t\t\t\t\t\t<div class=\"color-contrast-medium pafe-vertical-timeline-content__content\"><p>Calle estado 279, seg\u00fando piso<\/p><\/div>\n\t\t\t\n\t\t\t\t\t\t<div class=\"flex justify-between items-center pafe-vertical-timeline__dates\">\n\t\t\t\t\t        \n\t\t\t\t\t        \t\n\t\t\t\t\t    <\/div> \t\t\t\t\t\t\t\n\t\t\t\t\t<\/div> \n\t\t\t\t\t\t\t\t\n\t\t\t<\/div>\t  \n\t\t\t\n\t\t<\/div>\n\t\t\t\t\t\t<\/div>\n\t\t\t\t<\/div>\n\t\t\t\t<\/div>\n\t\t\t\t<\/div>\n\t\t\t\t\t<\/div>\n\t\t\t\t<\/div>\n\t\t\t\t<\/div>\n\t\t","protected":false},"excerpt":{"rendered":"<p>La Direcci\u00f3n de Secretar\u00eda Municipal, deber\u00e1 cumplir las siguientes funciones: Dirigir las actividades de secretar\u00eda administrativa del Alcalde, del Concejo, del Consejo Comunal de Organizaciones de la Sociedad Civil y del Consejo Comunal de Seguridad P\u00fablica. Desempe\u00f1arse como Ministro de Fe en todas las actuaciones municipales. Recibir, mantener y tramitar, cuando corresponda, la declaraci\u00f3n de [&hellip;]<\/p>\n","protected":false},"author":1,"featured_media":0,"parent":0,"menu_order":0,"comment_status":"closed","ping_status":"closed","template":"","meta":{"footnotes":""},"class_list":["post-606","page","type-page","status-publish","hentry"],"rttpg_featured_image_url":null,"rttpg_author":{"display_name":"municco","author_link":"https:\/\/www.curico.cl\/home\/author\/municco\/"},"rttpg_comment":0,"rttpg_category":null,"rttpg_excerpt":"La Direcci\u00f3n de Secretar\u00eda Municipal, deber\u00e1 cumplir las siguientes funciones: Dirigir las actividades de secretar\u00eda administrativa del Alcalde, del Concejo, del Consejo Comunal de Organizaciones de la Sociedad Civil y del Consejo Comunal de Seguridad P\u00fablica. Desempe\u00f1arse como Ministro de Fe en todas las actuaciones municipales. Recibir, mantener y tramitar, cuando corresponda, la declaraci\u00f3n de&hellip;","_links":{"self":[{"href":"https:\/\/www.curico.cl\/home\/wp-json\/wp\/v2\/pages\/606","targetHints":{"allow":["GET"]}}],"collection":[{"href":"https:\/\/www.curico.cl\/home\/wp-json\/wp\/v2\/pages"}],"about":[{"href":"https:\/\/www.curico.cl\/home\/wp-json\/wp\/v2\/types\/page"}],"author":[{"embeddable":true,"href":"https:\/\/www.curico.cl\/home\/wp-json\/wp\/v2\/users\/1"}],"replies":[{"embeddable":true,"href":"https:\/\/www.curico.cl\/home\/wp-json\/wp\/v2\/comments?post=606"}],"version-history":[{"count":6,"href":"https:\/\/www.curico.cl\/home\/wp-json\/wp\/v2\/pages\/606\/revisions"}],"predecessor-version":[{"id":4600,"href":"https:\/\/www.curico.cl\/home\/wp-json\/wp\/v2\/pages\/606\/revisions\/4600"}],"wp:attachment":[{"href":"https:\/\/www.curico.cl\/home\/wp-json\/wp\/v2\/media?parent=606"}],"curies":[{"name":"wp","href":"https:\/\/api.w.org\/{rel}","templated":true}]}}

Secretaría Municipal

<div data-elementor-type="wp-page" data-elementor-id="606" class="elementor elementor-606" data-elementor-post-type="page">
				<div class="elementor-element elementor-element-a3674dc e-flex e-con-boxed e-con e-parent" data-id="a3674dc" data-element_type="container" data-e-type="container">
					<div class="e-con-inner">
		<div class="elementor-element elementor-element-fac9e57 e-con-full e-flex e-con e-child" data-id="fac9e57" data-element_type="container" data-e-type="container">
				<div class="elementor-element elementor-element-7563985 elementor-widget elementor-widget-text-editor" data-id="7563985" data-element_type="widget" data-e-type="widget" data-widget_type="text-editor.default">
				<div class="elementor-widget-container">
									<h6 style="text-align: justify;"><strong>La Dirección de Secretaría Municipal</strong>, deberá cumplir las siguientes funciones:</h6><ol style="text-align: justify;"><li><h6>Dirigir las actividades de secretaría administrativa del Alcalde, del Concejo, del Consejo Comunal de Organizaciones de la Sociedad Civil y del Consejo Comunal de Seguridad Pública.</h6></li><li><h6>Desempeñarse como Ministro de Fe en todas las actuaciones municipales.</h6></li><li><h6>Recibir, mantener y tramitar, cuando corresponda, la declaración de intereses establecida por la Ley N° 1575<em>.</em></h6></li><li><h6>Llevar el registro municipal a que se refiere el artículo 6° de la Ley N° 19.418, sobre Juntas de Vecinos y demás Organizaciones Comunitarias.</h6></li><li><h6>Llevar un registro de correspondencia interna en la Secretaría</h6></li><li><h6>Llevar un registro de documentos para la firma del Secretario Municipal y del Alcalde, provenientes de las distintas unidades municipales.</h6></li><li><h6>Llevar registros de numeración para los Decretos, Decretos Exentos, Reglamentos, Instrucciones, y Oficios tanto del Secretario Municipal, como del Alcalde.</h6></li><li><h6>Preocuparse de la oportuna distribución y despacho de la documentación numerada.</h6></li><li><h6>Recepcionar y preparar documentación para su certificación conforme al original o al documento que se ha tenido a la vista.</h6></li><li><h6>Redacción de Decretos, Decretos exentos, Reglamentos, Instrucciones y oficios encomendados a la Secretaria Municipal.</h6></li><li><h6>Preparación y despacho de correo institucional, conforme a convenio existente con la Empresa de Correos de Chile.</h6></li><li><h6>Llevar un registro de Decretos de Pago derivados para la firma del Secretario Municipal y Administrador Municipal.</h6></li><li><h6>Tendrá a cargo la gestión de archivo físico y digital de los Decretos, Decretos Exentos, Reglamentos, Instrucciones y Oficios.</h6></li><li><h6>Deberá registrar y digitalizar las solicitudes recibidas por correo postal o presencial y los informes de los departamentos respecto de éstas, confeccionar los Oficios Respuestas, y llevar un registro con todas las solicitudes que han ingresado y el trámite que se le han dado, trabajar con el Portal de Transparencia, en materia de transparencia pasiva.</h6></li><li><h6>Deberá confeccionar las planillas con los decretos del mes que se deben publicar en la página web municipal, adjuntando los documentos escaneados en formato PDF y debiendo borrar los datos de carácter personal, en materia de transparencia activa.</h6></li><li><h6>Integrar el Concejo Municipal de Curicó, en su calidad de Ministro de Fe.</h6></li><li><h6>Integrar el Consejo Comunal de Seguridad Pública de Curicó, constituido con fecha 10/07/2015.</h6></li><li><h6>Dar cumplimiento a las disposiciones contenidas en la Ley Orgánica Constitucional de Municipalidades N° 18.695, modificada por la Ley N° 20.500 de fecha 04/02/2011 con respecto al Consejo Comunal de Organizaciones de la Sociedad Civil y su Reglamento.</h6></li><li><h6>Integrar la Junta Calificadora del Personal de Planta y Contrata de la Ilustre Municipalidad de Curicó y las Comisiones de llamados a concursos públicos.</h6></li><li><h6>Integrar las comisiones calificadoras de concursos de directores, en virtud de lo que establece el Artículo 88° del Decreto 453 del año 1992 que aprueba el Reglamento de la ley 19.070, Estatuto de los Profesionales de la Educación. </h6></li><li><h6>Dar cumplimiento a las disposiciones contenidas en la Ley N° 20.730 de fecha 03/03/2014 que regula el Lobby y las gestiones que representen intereses particulares ante las autoridades y funcionarios.</h6></li><li><h6>Ley de Copropiedad Inmobiliaria al autorizar el Acta que se levante de las reuniones celebradas en la Municipalidad y de los acuerdos llegados (Ley N° 19.357, Articulo 35 de Ley de Copropiedad Inmobiliaria).</h6></li><li><h6>Actuar como Ministro de Fe frente a la constitución de Asociaciones y/o Comunidades Indígenas, en conformidad a la Ley Indígena N° 19.253.</h6></li><li><h6>Coordinar todo el proceso de Solicitudes de Información ingresadas al municipio, desde su ingreso hasta la firma de la respuesta por parte de la autoridad y su posterior despacho, de acuerdo a lo solicitado por el requirente, y en conformidad a lo establecido en la Ley N° 20.285 sobre Acceso a la Información Pública, y lo dispuesto por Decreto Exento N° 1073, de fecha 18/03/2015.</h6></li></ol><h6 style="text-align: justify;"><strong> </strong></h6><h6 style="text-align: justify;">Así, de la Dirección de Secretaría Municipal, dependerán directamente las siguientes dependencias:</h6><ol><li style="text-align: justify;"><h6>Oficina de Personas Jurídicas</h6></li><li style="text-align: justify;"><h6>Oficina de Informaciones, Reclamos y Sugerencias</h6></li><li style="text-align: justify;"><h6>Oficina de Sala de Actas</h6></li><li style="text-align: justify;"><h6>Oficina de Concejo Municipal</h6></li><li><h6 style="text-align: justify;">Oficina de Transparencia</h6></li></ol>								</div>
				</div>
				</div>
		<div class="elementor-element elementor-element-b77291a e-con-full e-flex e-con e-child" data-id="b77291a" data-element_type="container" data-e-type="container">
		<div class="elementor-element elementor-element-73313ed e-con-full e-flex e-con e-child" data-id="73313ed" data-element_type="container" data-e-type="container">
				<div class="elementor-element elementor-element-cc1fcde elementor-widget elementor-widget-pafe-vertical-timeline" data-id="cc1fcde" data-element_type="widget" data-e-type="widget" data-widget_type="pafe-vertical-timeline.default">
				<div class="elementor-widget-container">
							<div class="cd-timeline js-cd-timeline pafe-vertical-timeline" data-pafe-vertical-timeline>
			<div class="cd-timeline__container">
					<div class="cd-timeline__block pafe-vertical-timeline__block">
										
						<div class="cd-timeline__img cd-timeline__img--picture pafe-vertical-timeline__icon">		
							<i class="fa fa-user" aria-hidden="true"></i>	
						</div>	
						 
									<div class="cd-timeline__content text-component pafe-vertical-timeline-content" data-pafe-vertical-timeline-content>
						<div class="pafe-vertical-timeline-content__title">Secretario Municipal</div>
						<div class="color-contrast-medium pafe-vertical-timeline-content__content"><p>Juan Rafael González Vásquez</p></div>
			
						<div class="flex justify-between items-center pafe-vertical-timeline__dates">
					        
					        	
					    </div> 							
					</div> 
								
			</div>	  
					<div class="cd-timeline__block pafe-vertical-timeline__block">
										
						<div class="cd-timeline__img cd-timeline__img--picture pafe-vertical-timeline__icon">		
							<i class="fa fa-envelope-open" aria-hidden="true"></i>	
						</div>	
						 
									<div class="cd-timeline__content text-component pafe-vertical-timeline-content" data-pafe-vertical-timeline-content>
						<div class="pafe-vertical-timeline-content__title">Correo</div>
						<div class="color-contrast-medium pafe-vertical-timeline-content__content"><p>secretariamunicipal@curico.cl</p></div>
			
						<div class="flex justify-between items-center pafe-vertical-timeline__dates">
					        
					        	
					    </div> 							
					</div> 
								
			</div>	  
					<div class="cd-timeline__block pafe-vertical-timeline__block">
										
						<div class="cd-timeline__img cd-timeline__img--picture pafe-vertical-timeline__icon">		
							<i class="fa fa-map-marker" aria-hidden="true"></i>	
						</div>	
						 
									<div class="cd-timeline__content text-component pafe-vertical-timeline-content" data-pafe-vertical-timeline-content>
						<div class="pafe-vertical-timeline-content__title">Dirección</div>
						<div class="color-contrast-medium pafe-vertical-timeline-content__content"><p>Calle estado 279, segúndo piso</p></div>
			
						<div class="flex justify-between items-center pafe-vertical-timeline__dates">
					        
					        	
					    </div> 							
					</div> 
								
			</div>	  
			
		</div>
						</div>
				</div>
				</div>
				</div>
					</div>
				</div>
				</div>

<p>La Dirección de Secretaría Municipal, deberá cumplir las siguientes funciones: Dirigir las actividades de secretaría administrativa del Alcalde, del Concejo, del Consejo Comunal de Organizaciones de la Sociedad Civil y del Consejo Comunal de Seguridad Pública. Desempeñarse como Ministro de Fe en todas las actuaciones municipales. Recibir, mantener y tramitar, cuando corresponda, la declaración de [&hellip;]</p>

La Dirección de Secretaría Municipal, deberá cumplir las siguientes funciones: Dirigir las actividades de secretaría administrativa del Alcalde, del Concejo, del Consejo Comunal de Organizaciones de la Sociedad Civil y del Consejo Comunal de Seguridad Pública. Desempeñarse como Ministro de Fe en todas las actuaciones municipales. Recibir, mantener y tramitar, cuando corresponda, la declaración de&hellip;
