{"id":2246,"date":"2025-01-25T02:00:32","date_gmt":"2025-01-25T02:00:32","guid":{"rendered":"https:\/\/www.curico.cl\/home\/?page_id=2246"},"modified":"2025-08-07T17:10:38","modified_gmt":"2025-08-07T17:10:38","slug":"programa-prodam","status":"publish","type":"page","link":"https:\/\/www.curico.cl\/home\/programa-prodam\/","title":{"rendered":"programa prodam"},"content":{"rendered":"\t\t<div data-elementor-type=\"wp-page\" data-elementor-id=\"2246\" class=\"elementor elementor-2246\" data-elementor-post-type=\"page\">\n\t\t\t\t<div class=\"elementor-element elementor-element-e4af217 e-flex e-con-boxed e-con e-parent\" data-id=\"e4af217\" data-element_type=\"container\" data-e-type=\"container\">\n\t\t\t\t\t<div class=\"e-con-inner\">\n\t\t<div class=\"elementor-element elementor-element-3bc25d5 e-con-full e-flex e-con e-child\" data-id=\"3bc25d5\" data-element_type=\"container\" data-e-type=\"container\">\n\t\t\t\t<div class=\"elementor-element elementor-element-2b033de elementor-widget elementor-widget-text-editor\" data-id=\"2b033de\" data-element_type=\"widget\" data-e-type=\"widget\" data-widget_type=\"text-editor.default\">\n\t\t\t\t<div class=\"elementor-widget-container\">\n\t\t\t\t\t\t\t\t\t<h6 style=\"text-align: justify;\">Programa municipal que busca contribuir a la protecci\u00f3n de las personas mayores de la comuna, a trav\u00e9s de una intervenci\u00f3n basada en el Enfoque de Derechos, tendiente a resguardar las condiciones psicosociales y jur\u00eddicas de quienes<\/h6><h6 style=\"text-align: justify;\">son vulnerados. Interviene un equipo multidisciplinario integrado por Trabajadora Social; Abogada y Psic\u00f3loga.<\/h6><h6 style=\"text-align: justify;\">Perfil de usuario<\/h6><h6 style=\"text-align: justify;\">Persona mayor de 60 a\u00f1os, que se encuentre impedido o transgredido en el pleno goce de sus derechos.<\/h6><h6 style=\"text-align: justify;\"><strong>Requisitos para ingresar a la oficina<\/strong><\/h6><ul style=\"text-align: justify;\"><li><h6>Ser persona mayor de 60 a\u00f1os que se encuentre siendo vulnerado en sus derechos.<\/h6><\/li><li><h6>Residencia en la comuna de Curic\u00f3<\/h6><\/li><li><h6>Registro Social aplicado en Curic\u00f3.<\/h6><\/li><\/ul><h6 style=\"text-align: justify;\"><strong>Beneficios de la Oficina<\/strong><\/h6><h6 style=\"text-align: justify;\">Brindar apoyo psicosocial y jur\u00eddico en casos de vulneraci\u00f3n de derechos a los que se pueden ver expuestos personas mayores.<\/h6>\t\t\t\t\t\t\t\t<\/div>\n\t\t\t\t<\/div>\n\t\t\t\t<\/div>\n\t\t<div class=\"elementor-element elementor-element-bfbc355 e-con-full e-flex e-con e-child\" data-id=\"bfbc355\" data-element_type=\"container\" data-e-type=\"container\">\n\t\t<div class=\"elementor-element elementor-element-9392460 e-con-full e-flex e-con e-child\" data-id=\"9392460\" data-element_type=\"container\" data-e-type=\"container\">\n\t\t\t\t<div class=\"elementor-element elementor-element-33b62c3 elementor-widget elementor-widget-pafe-vertical-timeline\" data-id=\"33b62c3\" data-element_type=\"widget\" data-e-type=\"widget\" data-widget_type=\"pafe-vertical-timeline.default\">\n\t\t\t\t<div class=\"elementor-widget-container\">\n\t\t\t\t\t\t\t<div class=\"cd-timeline js-cd-timeline pafe-vertical-timeline\" data-pafe-vertical-timeline>\n\t\t\t<div class=\"cd-timeline__container\">\n\t\t\t\t\t<div class=\"cd-timeline__block pafe-vertical-timeline__block\">\n\t\t\t\t\t\t\t\t\t\t\n\t\t\t\t\t\t<div class=\"cd-timeline__img cd-timeline__img--picture pafe-vertical-timeline__icon\">\t\t\n\t\t\t\t\t\t\t<i class=\"fa fa-address-book\" aria-hidden=\"true\"><\/i>\t\n\t\t\t\t\t\t<\/div>\t\n\t\t\t\t\t\t \n\t\t\t\t\t\t\t\t\t<div class=\"cd-timeline__content text-component pafe-vertical-timeline-content\" data-pafe-vertical-timeline-content>\n\t\t\t\t\t\t<div class=\"pafe-vertical-timeline-content__title\">Encargada<\/div>\n\t\t\t\t\t\t<div class=\"color-contrast-medium pafe-vertical-timeline-content__content\"><h6>Claudia D\u00edaz Espinoza<\/h6><\/div>\n\t\t\t\n\t\t\t\t\t\t<div class=\"flex justify-between items-center pafe-vertical-timeline__dates\">\n\t\t\t\t\t        \n\t\t\t\t\t        \t\n\t\t\t\t\t    <\/div> \t\t\t\t\t\t\t\n\t\t\t\t\t<\/div> \n\t\t\t\t\t\t\t\t\n\t\t\t<\/div>\t  \n\t\t\t\t\t<div class=\"cd-timeline__block pafe-vertical-timeline__block\">\n\t\t\t\t\t\t\t\t\t\t\n\t\t\t\t\t\t<div class=\"cd-timeline__img cd-timeline__img--picture pafe-vertical-timeline__icon\">\t\t\n\t\t\t\t\t\t\t<i class=\"fa fa-envelope-open\" aria-hidden=\"true\"><\/i>\t\n\t\t\t\t\t\t<\/div>\t\n\t\t\t\t\t\t \n\t\t\t\t\t\t\t\t\t<div class=\"cd-timeline__content text-component pafe-vertical-timeline-content\" data-pafe-vertical-timeline-content>\n\t\t\t\t\t\t<div class=\"pafe-vertical-timeline-content__title\">Correo<\/div>\n\t\t\t\t\t\t<div class=\"color-contrast-medium pafe-vertical-timeline-content__content\"><h6><a href=\"mailto:Prodam@curico.cl\">Prodam@curico.cl<\/a><\/h6><\/div>\n\t\t\t\n\t\t\t\t\t\t<div class=\"flex justify-between items-center pafe-vertical-timeline__dates\">\n\t\t\t\t\t        \n\t\t\t\t\t        \t\n\t\t\t\t\t    <\/div> \t\t\t\t\t\t\t\n\t\t\t\t\t<\/div> \n\t\t\t\t\t\t\t\t\n\t\t\t<\/div>\t  \n\t\t\t\t\t<div class=\"cd-timeline__block pafe-vertical-timeline__block\">\n\t\t\t\t\t\t\t\t\t\t\n\t\t\t\t\t\t<div class=\"cd-timeline__img cd-timeline__img--picture pafe-vertical-timeline__icon\">\t\t\n\t\t\t\t\t\t\t<i class=\"fa fa-map-marker\" aria-hidden=\"true\"><\/i>\t\n\t\t\t\t\t\t<\/div>\t\n\t\t\t\t\t\t \n\t\t\t\t\t\t\t\t\t<div class=\"cd-timeline__content text-component pafe-vertical-timeline-content\" data-pafe-vertical-timeline-content>\n\t\t\t\t\t\t<div class=\"pafe-vertical-timeline-content__title\">Direcci\u00f3n<\/div>\n\t\t\t\t\t\t<div class=\"color-contrast-medium pafe-vertical-timeline-content__content\"><h6>Estado 470, Curic\u00f3 Casa del\u00a0Adulto Mayor<\/h6><\/div>\n\t\t\t\n\t\t\t\t\t\t<div class=\"flex justify-between items-center pafe-vertical-timeline__dates\">\n\t\t\t\t\t        \n\t\t\t\t\t        \t\n\t\t\t\t\t    <\/div> \t\t\t\t\t\t\t\n\t\t\t\t\t<\/div> \n\t\t\t\t\t\t\t\t\n\t\t\t<\/div>\t  \n\t\t\t\t\t<div class=\"cd-timeline__block pafe-vertical-timeline__block\">\n\t\t\t\t\t\t\t\t\t\t\n\t\t\t\t\t\t<div class=\"cd-timeline__img cd-timeline__img--picture pafe-vertical-timeline__icon\">\t\t\n\t\t\t\t\t\t\t<i class=\"fa fa-check\" aria-hidden=\"true\"><\/i>\t\n\t\t\t\t\t\t<\/div>\t\n\t\t\t\t\t\t \n\t\t\t\t\t\t\t\t\t<div class=\"cd-timeline__content text-component pafe-vertical-timeline-content\" data-pafe-vertical-timeline-content>\n\t\t\t\t\t\t<div class=\"pafe-vertical-timeline-content__title\">Horario<\/div>\n\t\t\t\t\t\t<div class=\"color-contrast-medium pafe-vertical-timeline-content__content\"><h6>Lunes\u00a0 a\u00a0 viernes. 8:30-14:00<\/h6><\/div>\n\t\t\t\n\t\t\t\t\t\t<div class=\"flex justify-between items-center pafe-vertical-timeline__dates\">\n\t\t\t\t\t        \n\t\t\t\t\t        \t\n\t\t\t\t\t    <\/div> \t\t\t\t\t\t\t\n\t\t\t\t\t<\/div> \n\t\t\t\t\t\t\t\t\n\t\t\t<\/div>\t  \n\t\t\t\n\t\t<\/div>\n\t\t\t\t\t\t<\/div>\n\t\t\t\t<\/div>\n\t\t\t\t<\/div>\n\t\t<div class=\"elementor-element elementor-element-4d60b9d e-con-full e-flex e-con e-child\" data-id=\"4d60b9d\" data-element_type=\"container\" data-e-type=\"container\">\n\t\t\t\t<\/div>\n\t\t\t\t<\/div>\n\t\t\t\t\t<\/div>\n\t\t\t\t<\/div>\n\t\t\t\t<\/div>\n\t\t","protected":false},"excerpt":{"rendered":"<p>Programa municipal que busca contribuir a la protecci\u00f3n de las personas mayores de la comuna, a trav\u00e9s de una intervenci\u00f3n basada en el Enfoque de Derechos, tendiente a resguardar las condiciones psicosociales y jur\u00eddicas de quienes son vulnerados. Interviene un equipo multidisciplinario integrado por Trabajadora Social; Abogada y Psic\u00f3loga. Perfil de usuario Persona mayor de [&hellip;]<\/p>\n","protected":false},"author":1,"featured_media":0,"parent":0,"menu_order":0,"comment_status":"closed","ping_status":"closed","template":"elementor_header_footer","meta":{"footnotes":""},"class_list":["post-2246","page","type-page","status-publish","hentry"],"rttpg_featured_image_url":null,"rttpg_author":{"display_name":"municco","author_link":"https:\/\/www.curico.cl\/home\/author\/municco\/"},"rttpg_comment":0,"rttpg_category":null,"rttpg_excerpt":"Programa municipal que busca contribuir a la protecci\u00f3n de las personas mayores de la comuna, a trav\u00e9s de una intervenci\u00f3n basada en el Enfoque de Derechos, tendiente a resguardar las condiciones psicosociales y jur\u00eddicas de quienes son vulnerados. Interviene un equipo multidisciplinario integrado por Trabajadora Social; Abogada y Psic\u00f3loga. Perfil de usuario Persona mayor de&hellip;","_links":{"self":[{"href":"https:\/\/www.curico.cl\/home\/wp-json\/wp\/v2\/pages\/2246","targetHints":{"allow":["GET"]}}],"collection":[{"href":"https:\/\/www.curico.cl\/home\/wp-json\/wp\/v2\/pages"}],"about":[{"href":"https:\/\/www.curico.cl\/home\/wp-json\/wp\/v2\/types\/page"}],"author":[{"embeddable":true,"href":"https:\/\/www.curico.cl\/home\/wp-json\/wp\/v2\/users\/1"}],"replies":[{"embeddable":true,"href":"https:\/\/www.curico.cl\/home\/wp-json\/wp\/v2\/comments?post=2246"}],"version-history":[{"count":3,"href":"https:\/\/www.curico.cl\/home\/wp-json\/wp\/v2\/pages\/2246\/revisions"}],"predecessor-version":[{"id":4570,"href":"https:\/\/www.curico.cl\/home\/wp-json\/wp\/v2\/pages\/2246\/revisions\/4570"}],"wp:attachment":[{"href":"https:\/\/www.curico.cl\/home\/wp-json\/wp\/v2\/media?parent=2246"}],"curies":[{"name":"wp","href":"https:\/\/api.w.org\/{rel}","templated":true}]}}

<div data-elementor-type="wp-page" data-elementor-id="2246" class="elementor elementor-2246" data-elementor-post-type="page">
				<div class="elementor-element elementor-element-e4af217 e-flex e-con-boxed e-con e-parent" data-id="e4af217" data-element_type="container" data-e-type="container">
					<div class="e-con-inner">
		<div class="elementor-element elementor-element-3bc25d5 e-con-full e-flex e-con e-child" data-id="3bc25d5" data-element_type="container" data-e-type="container">
				<div class="elementor-element elementor-element-2b033de elementor-widget elementor-widget-text-editor" data-id="2b033de" data-element_type="widget" data-e-type="widget" data-widget_type="text-editor.default">
				<div class="elementor-widget-container">
									<h6 style="text-align: justify;">Programa municipal que busca contribuir a la protección de las personas mayores de la comuna, a través de una intervención basada en el Enfoque de Derechos, tendiente a resguardar las condiciones psicosociales y jurídicas de quienes</h6><h6 style="text-align: justify;">son vulnerados. Interviene un equipo multidisciplinario integrado por Trabajadora Social; Abogada y Psicóloga.</h6><h6 style="text-align: justify;">Perfil de usuario</h6><h6 style="text-align: justify;">Persona mayor de 60 años, que se encuentre impedido o transgredido en el pleno goce de sus derechos.</h6><h6 style="text-align: justify;"><strong>Requisitos para ingresar a la oficina</strong></h6><ul style="text-align: justify;"><li><h6>Ser persona mayor de 60 años que se encuentre siendo vulnerado en sus derechos.</h6></li><li><h6>Residencia en la comuna de Curicó</h6></li><li><h6>Registro Social aplicado en Curicó.</h6></li></ul><h6 style="text-align: justify;"><strong>Beneficios de la Oficina</strong></h6><h6 style="text-align: justify;">Brindar apoyo psicosocial y jurídico en casos de vulneración de derechos a los que se pueden ver expuestos personas mayores.</h6>								</div>
				</div>
				</div>
		<div class="elementor-element elementor-element-bfbc355 e-con-full e-flex e-con e-child" data-id="bfbc355" data-element_type="container" data-e-type="container">
		<div class="elementor-element elementor-element-9392460 e-con-full e-flex e-con e-child" data-id="9392460" data-element_type="container" data-e-type="container">
				<div class="elementor-element elementor-element-33b62c3 elementor-widget elementor-widget-pafe-vertical-timeline" data-id="33b62c3" data-element_type="widget" data-e-type="widget" data-widget_type="pafe-vertical-timeline.default">
				<div class="elementor-widget-container">
							<div class="cd-timeline js-cd-timeline pafe-vertical-timeline" data-pafe-vertical-timeline>
			<div class="cd-timeline__container">
					<div class="cd-timeline__block pafe-vertical-timeline__block">
										
						<div class="cd-timeline__img cd-timeline__img--picture pafe-vertical-timeline__icon">		
							<i class="fa fa-address-book" aria-hidden="true"></i>	
						</div>	
						 
									<div class="cd-timeline__content text-component pafe-vertical-timeline-content" data-pafe-vertical-timeline-content>
						<div class="pafe-vertical-timeline-content__title">Encargada</div>
						<div class="color-contrast-medium pafe-vertical-timeline-content__content"><h6>Claudia Díaz Espinoza</h6></div>
			
						<div class="flex justify-between items-center pafe-vertical-timeline__dates">
					        
					        	
					    </div> 							
					</div> 
								
			</div>	  
					<div class="cd-timeline__block pafe-vertical-timeline__block">
										
						<div class="cd-timeline__img cd-timeline__img--picture pafe-vertical-timeline__icon">		
							<i class="fa fa-envelope-open" aria-hidden="true"></i>	
						</div>	
						 
									<div class="cd-timeline__content text-component pafe-vertical-timeline-content" data-pafe-vertical-timeline-content>
						<div class="pafe-vertical-timeline-content__title">Correo</div>
						<div class="color-contrast-medium pafe-vertical-timeline-content__content"><h6><a href="mailto:Prodam@curico.cl">Prodam@curico.cl</a></h6></div>
			
						<div class="flex justify-between items-center pafe-vertical-timeline__dates">
					        
					        	
					    </div> 							
					</div> 
								
			</div>	  
					<div class="cd-timeline__block pafe-vertical-timeline__block">
										
						<div class="cd-timeline__img cd-timeline__img--picture pafe-vertical-timeline__icon">		
							<i class="fa fa-map-marker" aria-hidden="true"></i>	
						</div>	
						 
									<div class="cd-timeline__content text-component pafe-vertical-timeline-content" data-pafe-vertical-timeline-content>
						<div class="pafe-vertical-timeline-content__title">Dirección</div>
						<div class="color-contrast-medium pafe-vertical-timeline-content__content"><h6>Estado 470, Curicó Casa del Adulto Mayor</h6></div>
			
						<div class="flex justify-between items-center pafe-vertical-timeline__dates">
					        
					        	
					    </div> 							
					</div> 
								
			</div>	  
					<div class="cd-timeline__block pafe-vertical-timeline__block">
										
						<div class="cd-timeline__img cd-timeline__img--picture pafe-vertical-timeline__icon">		
							<i class="fa fa-check" aria-hidden="true"></i>	
						</div>	
						 
									<div class="cd-timeline__content text-component pafe-vertical-timeline-content" data-pafe-vertical-timeline-content>
						<div class="pafe-vertical-timeline-content__title">Horario</div>
						<div class="color-contrast-medium pafe-vertical-timeline-content__content"><h6>Lunes  a  viernes. 8:30-14:00</h6></div>
			
						<div class="flex justify-between items-center pafe-vertical-timeline__dates">
					        
					        	
					    </div> 							
					</div> 
								
			</div>	  
			
		</div>
						</div>
				</div>
				</div>
		<div class="elementor-element elementor-element-4d60b9d e-con-full e-flex e-con e-child" data-id="4d60b9d" data-element_type="container" data-e-type="container">
				</div>
				</div>
					</div>
				</div>
				</div>

<p>Programa municipal que busca contribuir a la protección de las personas mayores de la comuna, a través de una intervención basada en el Enfoque de Derechos, tendiente a resguardar las condiciones psicosociales y jurídicas de quienes son vulnerados. Interviene un equipo multidisciplinario integrado por Trabajadora Social; Abogada y Psicóloga. Perfil de usuario Persona mayor de [&hellip;]</p>

Programa municipal que busca contribuir a la protección de las personas mayores de la comuna, a través de una intervención basada en el Enfoque de Derechos, tendiente a resguardar las condiciones psicosociales y jurídicas de quienes son vulnerados. Interviene un equipo multidisciplinario integrado por Trabajadora Social; Abogada y Psicóloga. Perfil de usuario Persona mayor de&hellip;
