{"id":2242,"date":"2025-01-25T02:00:02","date_gmt":"2025-01-25T02:00:02","guid":{"rendered":"https:\/\/www.curico.cl\/home\/?page_id=2242"},"modified":"2025-08-07T17:10:10","modified_gmt":"2025-08-07T17:10:10","slug":"programa-mujeres-derechos-sexuales-y-reproductivos","status":"publish","type":"page","link":"https:\/\/www.curico.cl\/home\/programa-mujeres-derechos-sexuales-y-reproductivos\/","title":{"rendered":"programa mujeres, derechos sexuales y reproductivos"},"content":{"rendered":"\t\t<div data-elementor-type=\"wp-page\" data-elementor-id=\"2242\" class=\"elementor elementor-2242\" data-elementor-post-type=\"page\">\n\t\t\t\t<div class=\"elementor-element elementor-element-3d578f1 e-flex e-con-boxed e-con e-parent\" data-id=\"3d578f1\" data-element_type=\"container\" data-e-type=\"container\">\n\t\t\t\t\t<div class=\"e-con-inner\">\n\t\t<div class=\"elementor-element elementor-element-f6ea672 e-con-full e-flex e-con e-child\" data-id=\"f6ea672\" data-element_type=\"container\" data-e-type=\"container\">\n\t\t\t\t<div class=\"elementor-element elementor-element-30f5e7f elementor-widget elementor-widget-text-editor\" data-id=\"30f5e7f\" data-element_type=\"widget\" data-e-type=\"widget\" data-widget_type=\"text-editor.default\">\n\t\t\t\t<div class=\"elementor-widget-container\">\n\t\t\t\t\t\t\t\t\t<p style=\"text-align: justify;\">El programa Mujeres, Derechos Sexuales y Reproductivos, est\u00e1 comprendido dentro de la oferta program\u00e1tica del Servicio Nacional de la Mujer y la Equidad de G\u00e9nero. El cual busca mejorar la calidad de vida y bienestar integral de j\u00f3venes y mujeres a trav\u00e9s de la entrega de herramientas para el empoderamiento y el fortalecimiento de la autonom\u00eda f\u00edsica. Dentro del \u00e1rea se encuentra el Programa Mujeres, Derechos Sexuales y Reproductivos.<\/p><p style=\"text-align: justify;\"><strong>Perfil de usuario<\/strong><\/p><ul style=\"text-align: justify;\"><li>J\u00f3venes de 14 a 19 a\u00f1os.<\/li><li>Mujeres de 20 a 49 a\u00f1os.<\/li><li>Mujeres de 50 a\u00f1os y m\u00e1s.<\/li><\/ul><p style=\"text-align: justify;\"><strong>Requisitos para ingresar al programa\u00a0<\/strong><\/p><ul style=\"text-align: justify;\"><li>No hay requisitos, solo debes estar dentro del p\u00fablico objetivo al cual est\u00e1 destinado cada taller.<\/li><\/ul><p style=\"text-align: justify;\"><strong>Beneficios del programa<\/strong><strong>\u00a0<\/strong><\/p><ul style=\"text-align: justify;\"><li>Entrega de informaci\u00f3n y herramientas que fomenten el empoderamiento en la toma de decisiones, promuevan la igualdad de mujeres y hombres y la no discriminaci\u00f3n de las mujeres.<\/li><\/ul><p style=\"text-align: justify;\">\u00a0<\/p>\t\t\t\t\t\t\t\t<\/div>\n\t\t\t\t<\/div>\n\t\t\t\t<\/div>\n\t\t<div class=\"elementor-element elementor-element-8e46089 e-con-full e-flex e-con e-child\" data-id=\"8e46089\" data-element_type=\"container\" data-e-type=\"container\">\n\t\t<div class=\"elementor-element elementor-element-018d777 e-con-full e-flex e-con e-child\" data-id=\"018d777\" data-element_type=\"container\" data-e-type=\"container\">\n\t\t\t\t<div class=\"elementor-element elementor-element-8968380 elementor-widget elementor-widget-pafe-vertical-timeline\" data-id=\"8968380\" data-element_type=\"widget\" data-e-type=\"widget\" data-widget_type=\"pafe-vertical-timeline.default\">\n\t\t\t\t<div class=\"elementor-widget-container\">\n\t\t\t\t\t\t\t<div class=\"cd-timeline js-cd-timeline pafe-vertical-timeline\" data-pafe-vertical-timeline>\n\t\t\t<div class=\"cd-timeline__container\">\n\t\t\t\t\t<div class=\"cd-timeline__block pafe-vertical-timeline__block\">\n\t\t\t\t\t\t\t\t\t\t\n\t\t\t\t\t\t<div class=\"cd-timeline__img cd-timeline__img--picture pafe-vertical-timeline__icon\">\t\t\n\t\t\t\t\t\t\t<i class=\"fa fa-address-book\" aria-hidden=\"true\"><\/i>\t\n\t\t\t\t\t\t<\/div>\t\n\t\t\t\t\t\t \n\t\t\t\t\t\t\t\t\t<div class=\"cd-timeline__content text-component pafe-vertical-timeline-content\" data-pafe-vertical-timeline-content>\n\t\t\t\t\t\t<div class=\"pafe-vertical-timeline-content__title\">Encargados<\/div>\n\t\t\t\t\t\t<div class=\"color-contrast-medium pafe-vertical-timeline-content__content\"><h6>Enrique\u00a0\u00a0\u00a0\u00a0 Navarro\u00a0\u00a0\u00a0\u00a0 Fuentes Coordinador, Psic\u00f3logo. Romina\u00a0\u00a0\u00a0\u00a0 Mart\u00ednez\u00a0\u00a0\u00a0\u00a0 Castillo Profesional\u00a0 \u00a0 de\u00a0 \u00a0apoyo, Matrona.<\/h6><\/div>\n\t\t\t\n\t\t\t\t\t\t<div class=\"flex justify-between items-center pafe-vertical-timeline__dates\">\n\t\t\t\t\t        \n\t\t\t\t\t        \t\n\t\t\t\t\t    <\/div> \t\t\t\t\t\t\t\n\t\t\t\t\t<\/div> \n\t\t\t\t\t\t\t\t\n\t\t\t<\/div>\t  \n\t\t\t\t\t<div class=\"cd-timeline__block pafe-vertical-timeline__block\">\n\t\t\t\t\t\t\t\t\t\t\n\t\t\t\t\t\t<div class=\"cd-timeline__img cd-timeline__img--picture pafe-vertical-timeline__icon\">\t\t\n\t\t\t\t\t\t\t<i class=\"fa fa-envelope-open\" aria-hidden=\"true\"><\/i>\t\n\t\t\t\t\t\t<\/div>\t\n\t\t\t\t\t\t \n\t\t\t\t\t\t\t\t\t<div class=\"cd-timeline__content text-component pafe-vertical-timeline-content\" data-pafe-vertical-timeline-content>\n\t\t\t\t\t\t<div class=\"pafe-vertical-timeline-content__title\">Correo<\/div>\n\t\t\t\t\t\t<div class=\"color-contrast-medium pafe-vertical-timeline-content__content\"><h6><a href=\"mailto:Programamdsr@curico.cl\">Programamdsr@curico.cl<\/a><\/h6><\/div>\n\t\t\t\n\t\t\t\t\t\t<div class=\"flex justify-between items-center pafe-vertical-timeline__dates\">\n\t\t\t\t\t        \n\t\t\t\t\t        \t\n\t\t\t\t\t    <\/div> \t\t\t\t\t\t\t\n\t\t\t\t\t<\/div> \n\t\t\t\t\t\t\t\t\n\t\t\t<\/div>\t  \n\t\t\t\t\t<div class=\"cd-timeline__block pafe-vertical-timeline__block\">\n\t\t\t\t\t\t\t\t\t\t\n\t\t\t\t\t\t<div class=\"cd-timeline__img cd-timeline__img--picture pafe-vertical-timeline__icon\">\t\t\n\t\t\t\t\t\t\t<i class=\"fa fa-map-marker\" aria-hidden=\"true\"><\/i>\t\n\t\t\t\t\t\t<\/div>\t\n\t\t\t\t\t\t \n\t\t\t\t\t\t\t\t\t<div class=\"cd-timeline__content text-component pafe-vertical-timeline-content\" data-pafe-vertical-timeline-content>\n\t\t\t\t\t\t<div class=\"pafe-vertical-timeline-content__title\">Direcci\u00f3n<\/div>\n\t\t\t\t\t\t<div class=\"color-contrast-medium pafe-vertical-timeline-content__content\"><h6 style=\"text-align: justify\">Maip\u00fa #760, Curic\u00f3.<\/h6><\/div>\n\t\t\t\n\t\t\t\t\t\t<div class=\"flex justify-between items-center pafe-vertical-timeline__dates\">\n\t\t\t\t\t        \n\t\t\t\t\t        \t\n\t\t\t\t\t    <\/div> \t\t\t\t\t\t\t\n\t\t\t\t\t<\/div> \n\t\t\t\t\t\t\t\t\n\t\t\t<\/div>\t  \n\t\t\t\t\t<div class=\"cd-timeline__block pafe-vertical-timeline__block\">\n\t\t\t\t\t\t\t\t\t\t\n\t\t\t\t\t\t<div class=\"cd-timeline__img cd-timeline__img--picture pafe-vertical-timeline__icon\">\t\t\n\t\t\t\t\t\t\t<i class=\"fa fa-check\" aria-hidden=\"true\"><\/i>\t\n\t\t\t\t\t\t<\/div>\t\n\t\t\t\t\t\t \n\t\t\t\t\t\t\t\t\t<div class=\"cd-timeline__content text-component pafe-vertical-timeline-content\" data-pafe-vertical-timeline-content>\n\t\t\t\t\t\t<div class=\"pafe-vertical-timeline-content__title\">Horario<\/div>\n\t\t\t\t\t\t<div class=\"color-contrast-medium pafe-vertical-timeline-content__content\"><h6>Lunes a viernes. 8:30- 14:00 15:00 a 17.00 Horas.<\/h6><\/div>\n\t\t\t\n\t\t\t\t\t\t<div class=\"flex justify-between items-center pafe-vertical-timeline__dates\">\n\t\t\t\t\t        \n\t\t\t\t\t        \t\n\t\t\t\t\t    <\/div> \t\t\t\t\t\t\t\n\t\t\t\t\t<\/div> \n\t\t\t\t\t\t\t\t\n\t\t\t<\/div>\t  \n\t\t\t\n\t\t<\/div>\n\t\t\t\t\t\t<\/div>\n\t\t\t\t<\/div>\n\t\t\t\t<\/div>\n\t\t<div class=\"elementor-element elementor-element-577143b e-con-full e-flex e-con e-child\" data-id=\"577143b\" data-element_type=\"container\" data-e-type=\"container\">\n\t\t\t\t<\/div>\n\t\t\t\t<\/div>\n\t\t\t\t\t<\/div>\n\t\t\t\t<\/div>\n\t\t\t\t<\/div>\n\t\t","protected":false},"excerpt":{"rendered":"<p>El programa Mujeres, Derechos Sexuales y Reproductivos, est\u00e1 comprendido dentro de la oferta program\u00e1tica del Servicio Nacional de la Mujer y la Equidad de G\u00e9nero. El cual busca mejorar la calidad de vida y bienestar integral de j\u00f3venes y mujeres a trav\u00e9s de la entrega de herramientas para el empoderamiento y el fortalecimiento de la [&hellip;]<\/p>\n","protected":false},"author":1,"featured_media":0,"parent":0,"menu_order":0,"comment_status":"closed","ping_status":"closed","template":"elementor_header_footer","meta":{"footnotes":""},"class_list":["post-2242","page","type-page","status-publish","hentry"],"rttpg_featured_image_url":null,"rttpg_author":{"display_name":"municco","author_link":"https:\/\/www.curico.cl\/home\/author\/municco\/"},"rttpg_comment":0,"rttpg_category":null,"rttpg_excerpt":"El programa Mujeres, Derechos Sexuales y Reproductivos, est\u00e1 comprendido dentro de la oferta program\u00e1tica del Servicio Nacional de la Mujer y la Equidad de G\u00e9nero. El cual busca mejorar la calidad de vida y bienestar integral de j\u00f3venes y mujeres a trav\u00e9s de la entrega de herramientas para el empoderamiento y el fortalecimiento de la&hellip;","_links":{"self":[{"href":"https:\/\/www.curico.cl\/home\/wp-json\/wp\/v2\/pages\/2242","targetHints":{"allow":["GET"]}}],"collection":[{"href":"https:\/\/www.curico.cl\/home\/wp-json\/wp\/v2\/pages"}],"about":[{"href":"https:\/\/www.curico.cl\/home\/wp-json\/wp\/v2\/types\/page"}],"author":[{"embeddable":true,"href":"https:\/\/www.curico.cl\/home\/wp-json\/wp\/v2\/users\/1"}],"replies":[{"embeddable":true,"href":"https:\/\/www.curico.cl\/home\/wp-json\/wp\/v2\/comments?post=2242"}],"version-history":[{"count":3,"href":"https:\/\/www.curico.cl\/home\/wp-json\/wp\/v2\/pages\/2242\/revisions"}],"predecessor-version":[{"id":4567,"href":"https:\/\/www.curico.cl\/home\/wp-json\/wp\/v2\/pages\/2242\/revisions\/4567"}],"wp:attachment":[{"href":"https:\/\/www.curico.cl\/home\/wp-json\/wp\/v2\/media?parent=2242"}],"curies":[{"name":"wp","href":"https:\/\/api.w.org\/{rel}","templated":true}]}}

<div data-elementor-type="wp-page" data-elementor-id="2242" class="elementor elementor-2242" data-elementor-post-type="page">
				<div class="elementor-element elementor-element-3d578f1 e-flex e-con-boxed e-con e-parent" data-id="3d578f1" data-element_type="container" data-e-type="container">
					<div class="e-con-inner">
		<div class="elementor-element elementor-element-f6ea672 e-con-full e-flex e-con e-child" data-id="f6ea672" data-element_type="container" data-e-type="container">
				<div class="elementor-element elementor-element-30f5e7f elementor-widget elementor-widget-text-editor" data-id="30f5e7f" data-element_type="widget" data-e-type="widget" data-widget_type="text-editor.default">
				<div class="elementor-widget-container">
									<p style="text-align: justify;">El programa Mujeres, Derechos Sexuales y Reproductivos, está comprendido dentro de la oferta programática del Servicio Nacional de la Mujer y la Equidad de Género. El cual busca mejorar la calidad de vida y bienestar integral de jóvenes y mujeres a través de la entrega de herramientas para el empoderamiento y el fortalecimiento de la autonomía física. Dentro del área se encuentra el Programa Mujeres, Derechos Sexuales y Reproductivos.</p><p style="text-align: justify;"><strong>Perfil de usuario</strong></p><ul style="text-align: justify;"><li>Jóvenes de 14 a 19 años.</li><li>Mujeres de 20 a 49 años.</li><li>Mujeres de 50 años y más.</li></ul><p style="text-align: justify;"><strong>Requisitos para ingresar al programa </strong></p><ul style="text-align: justify;"><li>No hay requisitos, solo debes estar dentro del público objetivo al cual está destinado cada taller.</li></ul><p style="text-align: justify;"><strong>Beneficios del programa</strong><strong> </strong></p><ul style="text-align: justify;"><li>Entrega de información y herramientas que fomenten el empoderamiento en la toma de decisiones, promuevan la igualdad de mujeres y hombres y la no discriminación de las mujeres.</li></ul><p style="text-align: justify;"> </p>								</div>
				</div>
				</div>
		<div class="elementor-element elementor-element-8e46089 e-con-full e-flex e-con e-child" data-id="8e46089" data-element_type="container" data-e-type="container">
		<div class="elementor-element elementor-element-018d777 e-con-full e-flex e-con e-child" data-id="018d777" data-element_type="container" data-e-type="container">
				<div class="elementor-element elementor-element-8968380 elementor-widget elementor-widget-pafe-vertical-timeline" data-id="8968380" data-element_type="widget" data-e-type="widget" data-widget_type="pafe-vertical-timeline.default">
				<div class="elementor-widget-container">
							<div class="cd-timeline js-cd-timeline pafe-vertical-timeline" data-pafe-vertical-timeline>
			<div class="cd-timeline__container">
					<div class="cd-timeline__block pafe-vertical-timeline__block">
										
						<div class="cd-timeline__img cd-timeline__img--picture pafe-vertical-timeline__icon">		
							<i class="fa fa-address-book" aria-hidden="true"></i>	
						</div>	
						 
									<div class="cd-timeline__content text-component pafe-vertical-timeline-content" data-pafe-vertical-timeline-content>
						<div class="pafe-vertical-timeline-content__title">Encargados</div>
						<div class="color-contrast-medium pafe-vertical-timeline-content__content"><h6>Enrique     Navarro     Fuentes Coordinador, Psicólogo. Romina     Martínez     Castillo Profesional    de   apoyo, Matrona.</h6></div>
			
						<div class="flex justify-between items-center pafe-vertical-timeline__dates">
					        
					        	
					    </div> 							
					</div> 
								
			</div>	  
					<div class="cd-timeline__block pafe-vertical-timeline__block">
										
						<div class="cd-timeline__img cd-timeline__img--picture pafe-vertical-timeline__icon">		
							<i class="fa fa-envelope-open" aria-hidden="true"></i>	
						</div>	
						 
									<div class="cd-timeline__content text-component pafe-vertical-timeline-content" data-pafe-vertical-timeline-content>
						<div class="pafe-vertical-timeline-content__title">Correo</div>
						<div class="color-contrast-medium pafe-vertical-timeline-content__content"><h6><a href="mailto:Programamdsr@curico.cl">Programamdsr@curico.cl</a></h6></div>
			
						<div class="flex justify-between items-center pafe-vertical-timeline__dates">
					        
					        	
					    </div> 							
					</div> 
								
			</div>	  
					<div class="cd-timeline__block pafe-vertical-timeline__block">
										
						<div class="cd-timeline__img cd-timeline__img--picture pafe-vertical-timeline__icon">		
							<i class="fa fa-map-marker" aria-hidden="true"></i>	
						</div>	
						 
									<div class="cd-timeline__content text-component pafe-vertical-timeline-content" data-pafe-vertical-timeline-content>
						<div class="pafe-vertical-timeline-content__title">Dirección</div>
						<div class="color-contrast-medium pafe-vertical-timeline-content__content"><h6 style="text-align: justify">Maipú #760, Curicó.</h6></div>
			
						<div class="flex justify-between items-center pafe-vertical-timeline__dates">
					        
					        	
					    </div> 							
					</div> 
								
			</div>	  
					<div class="cd-timeline__block pafe-vertical-timeline__block">
										
						<div class="cd-timeline__img cd-timeline__img--picture pafe-vertical-timeline__icon">		
							<i class="fa fa-check" aria-hidden="true"></i>	
						</div>	
						 
									<div class="cd-timeline__content text-component pafe-vertical-timeline-content" data-pafe-vertical-timeline-content>
						<div class="pafe-vertical-timeline-content__title">Horario</div>
						<div class="color-contrast-medium pafe-vertical-timeline-content__content"><h6>Lunes a viernes. 8:30- 14:00 15:00 a 17.00 Horas.</h6></div>
			
						<div class="flex justify-between items-center pafe-vertical-timeline__dates">
					        
					        	
					    </div> 							
					</div> 
								
			</div>	  
			
		</div>
						</div>
				</div>
				</div>
		<div class="elementor-element elementor-element-577143b e-con-full e-flex e-con e-child" data-id="577143b" data-element_type="container" data-e-type="container">
				</div>
				</div>
					</div>
				</div>
				</div>

<p>El programa Mujeres, Derechos Sexuales y Reproductivos, está comprendido dentro de la oferta programática del Servicio Nacional de la Mujer y la Equidad de Género. El cual busca mejorar la calidad de vida y bienestar integral de jóvenes y mujeres a través de la entrega de herramientas para el empoderamiento y el fortalecimiento de la [&hellip;]</p>

El programa Mujeres, Derechos Sexuales y Reproductivos, está comprendido dentro de la oferta programática del Servicio Nacional de la Mujer y la Equidad de Género. El cual busca mejorar la calidad de vida y bienestar integral de jóvenes y mujeres a través de la entrega de herramientas para el empoderamiento y el fortalecimiento de la&hellip;
