{"id":2230,"date":"2025-01-25T01:57:54","date_gmt":"2025-01-25T01:57:54","guid":{"rendered":"https:\/\/www.curico.cl\/home\/?page_id=2230"},"modified":"2025-08-07T17:12:42","modified_gmt":"2025-08-07T17:12:42","slug":"programa-vinculos","status":"publish","type":"page","link":"https:\/\/www.curico.cl\/home\/programa-vinculos\/","title":{"rendered":"programa vinculos"},"content":{"rendered":"\t\t<div data-elementor-type=\"wp-page\" data-elementor-id=\"2230\" class=\"elementor elementor-2230\" data-elementor-post-type=\"page\">\n\t\t\t\t<div class=\"elementor-element elementor-element-dc0f1f2 e-flex e-con-boxed e-con e-parent\" data-id=\"dc0f1f2\" data-element_type=\"container\" data-e-type=\"container\">\n\t\t\t\t\t<div class=\"e-con-inner\">\n\t\t<div class=\"elementor-element elementor-element-3a64873 e-con-full e-flex e-con e-child\" data-id=\"3a64873\" data-element_type=\"container\" data-e-type=\"container\">\n\t\t\t\t<div class=\"elementor-element elementor-element-c212731 elementor-widget elementor-widget-text-editor\" data-id=\"c212731\" data-element_type=\"widget\" data-e-type=\"widget\" data-widget_type=\"text-editor.default\">\n\t\t\t\t<div class=\"elementor-widget-container\">\n\t\t\t\t\t\t\t\t\t<h6 style=\"text-align: justify;\">En acompa\u00f1amiento continuo para las personas mayores de 65 a\u00f1os que ingresan al nuevo Subsistema de Seguridades y Oportunidades, entreg\u00e1ndoles herramientas psicosociales que permitan fortalecer su identidad, autonom\u00eda y sentido de pertenencia. El apoyo psicosocial es individual y grupal; el acompa\u00f1amiento es directo y personalizado en el lugar donde habitan las personas mayores. El programa promueve el proceso de vinculaci\u00f3n de las personas mayores al entorno y entrega bonos de protecci\u00f3n y prestaciones monetarias.<\/h6><h6 style=\"text-align: justify;\">El principal objetivo es entregar herramientas a personas mayores en situaci\u00f3n de vulnerabilidad social para que logren vincularse con la red de apoyo social de su comuna y con sus pares.<\/h6><h6 style=\"text-align: justify;\"><strong>Perfil de usuario<\/strong><\/h6><h6 style=\"text-align: justify;\">Personas mayores de 65 a\u00f1os o m\u00e1s, que vivan solos o acompa\u00f1ados de una persona de cualquier edad, y que ingresan al nuevo Subsistema de Seguridades y Oportunidades del Ingreso \u00c9tico Familiar.<\/h6><h6 style=\"text-align: justify;\"><strong>Requisitos para ingresar a la oficina<\/strong><\/h6><ul style=\"text-align: justify;\"><li><h6>Personas mayores de 65 a\u00f1os o m\u00e1s, que vivan solos o acompa\u00f1ados de una persona de cualquier edad, y que ingresan al nuevo Subsistema de Seguridades y Oportunidades del Ingreso \u00c9tico Familiar.<\/h6><\/li><li><h6>No se postula, pues las n\u00f3minas con los potenciales beneficiarios del programa emana desde el Ministerio de Desarrollo Social a trav\u00e9s de la informaci\u00f3n que entrega el registro social de hogares, los monitores Comunitarios llegan a los domicilios ofreciendo la incorporaci\u00f3n al<\/h6><\/li><\/ul><h6 style=\"text-align: justify;\"><strong>Beneficios de la Oficina<\/strong><\/h6><ul><li style=\"text-align: justify;\"><h6>Apoyo personalizado que considere sus derechos, opiniones, intereses y potencialidades<\/h6><\/li><li style=\"text-align: justify;\"><h6>Se realiza acompa\u00f1amiento por 24 meses, y su objetivo es apoyar a las personas adultas mayores para que mejoren su bienestar, en \u00e1reas tales como: Autonom\u00eda, Acceso y vinculaci\u00f3n a Redes, Salud, Vivienda y entorno, Seguridad Social, Ingresos y Educaci\u00f3n<\/h6><\/li><li><h6 style=\"text-align: justify;\">Acceso a servicios y prestaciones, mediante la entrega de bonos y transferencias monetarias seg\u00fan el cumplimiento de los requisitos de acceso establecidos en la Ley 595.<\/h6><\/li><\/ul>\t\t\t\t\t\t\t\t<\/div>\n\t\t\t\t<\/div>\n\t\t\t\t<\/div>\n\t\t<div class=\"elementor-element elementor-element-e1605ed e-con-full e-flex e-con e-child\" data-id=\"e1605ed\" data-element_type=\"container\" data-e-type=\"container\">\n\t\t<div class=\"elementor-element elementor-element-cda5393 e-con-full e-flex e-con e-child\" data-id=\"cda5393\" data-element_type=\"container\" data-e-type=\"container\">\n\t\t\t\t<div class=\"elementor-element elementor-element-58cbc6d elementor-widget elementor-widget-pafe-vertical-timeline\" data-id=\"58cbc6d\" data-element_type=\"widget\" data-e-type=\"widget\" data-widget_type=\"pafe-vertical-timeline.default\">\n\t\t\t\t<div class=\"elementor-widget-container\">\n\t\t\t\t\t\t\t<div class=\"cd-timeline js-cd-timeline pafe-vertical-timeline\" data-pafe-vertical-timeline>\n\t\t\t<div class=\"cd-timeline__container\">\n\t\t\t\t\t<div class=\"cd-timeline__block pafe-vertical-timeline__block\">\n\t\t\t\t\t\t\t\t\t\t\n\t\t\t\t\t\t<div class=\"cd-timeline__img cd-timeline__img--picture pafe-vertical-timeline__icon\">\t\t\n\t\t\t\t\t\t\t<i class=\"fa fa-address-book\" aria-hidden=\"true\"><\/i>\t\n\t\t\t\t\t\t<\/div>\t\n\t\t\t\t\t\t \n\t\t\t\t\t\t\t\t\t<div class=\"cd-timeline__content text-component pafe-vertical-timeline-content\" data-pafe-vertical-timeline-content>\n\t\t\t\t\t\t<div class=\"pafe-vertical-timeline-content__title\">Encargada<\/div>\n\t\t\t\t\t\t<div class=\"color-contrast-medium pafe-vertical-timeline-content__content\"><h6>Claudia V\u00e9liz Poblete<\/h6><\/div>\n\t\t\t\n\t\t\t\t\t\t<div class=\"flex justify-between items-center pafe-vertical-timeline__dates\">\n\t\t\t\t\t        \n\t\t\t\t\t        \t\n\t\t\t\t\t    <\/div> \t\t\t\t\t\t\t\n\t\t\t\t\t<\/div> \n\t\t\t\t\t\t\t\t\n\t\t\t<\/div>\t  \n\t\t\t\t\t<div class=\"cd-timeline__block pafe-vertical-timeline__block\">\n\t\t\t\t\t\t\t\t\t\t\n\t\t\t\t\t\t<div class=\"cd-timeline__img cd-timeline__img--picture pafe-vertical-timeline__icon\">\t\t\n\t\t\t\t\t\t\t<i class=\"fa fa-envelope-open\" aria-hidden=\"true\"><\/i>\t\n\t\t\t\t\t\t<\/div>\t\n\t\t\t\t\t\t \n\t\t\t\t\t\t\t\t\t<div class=\"cd-timeline__content text-component pafe-vertical-timeline-content\" data-pafe-vertical-timeline-content>\n\t\t\t\t\t\t<div class=\"pafe-vertical-timeline-content__title\">Correo<\/div>\n\t\t\t\t\t\t<div class=\"color-contrast-medium pafe-vertical-timeline-content__content\"><h6>programavinculos@curico.cl<\/h6><\/div>\n\t\t\t\n\t\t\t\t\t\t<div class=\"flex justify-between items-center pafe-vertical-timeline__dates\">\n\t\t\t\t\t        \n\t\t\t\t\t        \t\n\t\t\t\t\t    <\/div> \t\t\t\t\t\t\t\n\t\t\t\t\t<\/div> \n\t\t\t\t\t\t\t\t\n\t\t\t<\/div>\t  \n\t\t\t\t\t<div class=\"cd-timeline__block pafe-vertical-timeline__block\">\n\t\t\t\t\t\t\t\t\t\t\n\t\t\t\t\t\t<div class=\"cd-timeline__img cd-timeline__img--picture pafe-vertical-timeline__icon\">\t\t\n\t\t\t\t\t\t\t<i class=\"fa fa-map-marker\" aria-hidden=\"true\"><\/i>\t\n\t\t\t\t\t\t<\/div>\t\n\t\t\t\t\t\t \n\t\t\t\t\t\t\t\t\t<div class=\"cd-timeline__content text-component pafe-vertical-timeline-content\" data-pafe-vertical-timeline-content>\n\t\t\t\t\t\t<div class=\"pafe-vertical-timeline-content__title\">Direcci\u00f3n<\/div>\n\t\t\t\t\t\t<div class=\"color-contrast-medium pafe-vertical-timeline-content__content\"><h6 style=\"text-align: justify\">Calle Maip\u00fa N\u00b0 776, Curic\u00f3.<\/h6><\/div>\n\t\t\t\n\t\t\t\t\t\t<div class=\"flex justify-between items-center pafe-vertical-timeline__dates\">\n\t\t\t\t\t        \n\t\t\t\t\t        \t\n\t\t\t\t\t    <\/div> \t\t\t\t\t\t\t\n\t\t\t\t\t<\/div> \n\t\t\t\t\t\t\t\t\n\t\t\t<\/div>\t  \n\t\t\t\t\t<div class=\"cd-timeline__block pafe-vertical-timeline__block\">\n\t\t\t\t\t\t\t\t\t\t\n\t\t\t\t\t\t<div class=\"cd-timeline__img cd-timeline__img--picture pafe-vertical-timeline__icon\">\t\t\n\t\t\t\t\t\t\t<i class=\"fa fa-check\" aria-hidden=\"true\"><\/i>\t\n\t\t\t\t\t\t<\/div>\t\n\t\t\t\t\t\t \n\t\t\t\t\t\t\t\t\t<div class=\"cd-timeline__content text-component pafe-vertical-timeline-content\" data-pafe-vertical-timeline-content>\n\t\t\t\t\t\t<div class=\"pafe-vertical-timeline-content__title\">Horario<\/div>\n\t\t\t\t\t\t<div class=\"color-contrast-medium pafe-vertical-timeline-content__content\"><h6>Lunes a viernes de 08:30 a 14:00 Horas.<\/h6><\/div>\n\t\t\t\n\t\t\t\t\t\t<div class=\"flex justify-between items-center pafe-vertical-timeline__dates\">\n\t\t\t\t\t        \n\t\t\t\t\t        \t\n\t\t\t\t\t    <\/div> \t\t\t\t\t\t\t\n\t\t\t\t\t<\/div> \n\t\t\t\t\t\t\t\t\n\t\t\t<\/div>\t  \n\t\t\t\n\t\t<\/div>\n\t\t\t\t\t\t<\/div>\n\t\t\t\t<\/div>\n\t\t\t\t<\/div>\n\t\t<div class=\"elementor-element elementor-element-280c714 e-con-full e-flex e-con e-child\" data-id=\"280c714\" data-element_type=\"container\" data-e-type=\"container\">\n\t\t\t\t<\/div>\n\t\t\t\t<\/div>\n\t\t\t\t\t<\/div>\n\t\t\t\t<\/div>\n\t\t\t\t<\/div>\n\t\t","protected":false},"excerpt":{"rendered":"<p>En acompa\u00f1amiento continuo para las personas mayores de 65 a\u00f1os que ingresan al nuevo Subsistema de Seguridades y Oportunidades, entreg\u00e1ndoles herramientas psicosociales que permitan fortalecer su identidad, autonom\u00eda y sentido de pertenencia. El apoyo psicosocial es individual y grupal; el acompa\u00f1amiento es directo y personalizado en el lugar donde habitan las personas mayores. El programa [&hellip;]<\/p>\n","protected":false},"author":1,"featured_media":0,"parent":0,"menu_order":0,"comment_status":"closed","ping_status":"closed","template":"elementor_header_footer","meta":{"footnotes":""},"class_list":["post-2230","page","type-page","status-publish","hentry"],"rttpg_featured_image_url":null,"rttpg_author":{"display_name":"municco","author_link":"https:\/\/www.curico.cl\/home\/author\/municco\/"},"rttpg_comment":0,"rttpg_category":null,"rttpg_excerpt":"En acompa\u00f1amiento continuo para las personas mayores de 65 a\u00f1os que ingresan al nuevo Subsistema de Seguridades y Oportunidades, entreg\u00e1ndoles herramientas psicosociales que permitan fortalecer su identidad, autonom\u00eda y sentido de pertenencia. El apoyo psicosocial es individual y grupal; el acompa\u00f1amiento es directo y personalizado en el lugar donde habitan las personas mayores. El programa&hellip;","_links":{"self":[{"href":"https:\/\/www.curico.cl\/home\/wp-json\/wp\/v2\/pages\/2230","targetHints":{"allow":["GET"]}}],"collection":[{"href":"https:\/\/www.curico.cl\/home\/wp-json\/wp\/v2\/pages"}],"about":[{"href":"https:\/\/www.curico.cl\/home\/wp-json\/wp\/v2\/types\/page"}],"author":[{"embeddable":true,"href":"https:\/\/www.curico.cl\/home\/wp-json\/wp\/v2\/users\/1"}],"replies":[{"embeddable":true,"href":"https:\/\/www.curico.cl\/home\/wp-json\/wp\/v2\/comments?post=2230"}],"version-history":[{"count":3,"href":"https:\/\/www.curico.cl\/home\/wp-json\/wp\/v2\/pages\/2230\/revisions"}],"predecessor-version":[{"id":4591,"href":"https:\/\/www.curico.cl\/home\/wp-json\/wp\/v2\/pages\/2230\/revisions\/4591"}],"wp:attachment":[{"href":"https:\/\/www.curico.cl\/home\/wp-json\/wp\/v2\/media?parent=2230"}],"curies":[{"name":"wp","href":"https:\/\/api.w.org\/{rel}","templated":true}]}}

<div data-elementor-type="wp-page" data-elementor-id="2230" class="elementor elementor-2230" data-elementor-post-type="page">
				<div class="elementor-element elementor-element-dc0f1f2 e-flex e-con-boxed e-con e-parent" data-id="dc0f1f2" data-element_type="container" data-e-type="container">
					<div class="e-con-inner">
		<div class="elementor-element elementor-element-3a64873 e-con-full e-flex e-con e-child" data-id="3a64873" data-element_type="container" data-e-type="container">
				<div class="elementor-element elementor-element-c212731 elementor-widget elementor-widget-text-editor" data-id="c212731" data-element_type="widget" data-e-type="widget" data-widget_type="text-editor.default">
				<div class="elementor-widget-container">
									<h6 style="text-align: justify;">En acompañamiento continuo para las personas mayores de 65 años que ingresan al nuevo Subsistema de Seguridades y Oportunidades, entregándoles herramientas psicosociales que permitan fortalecer su identidad, autonomía y sentido de pertenencia. El apoyo psicosocial es individual y grupal; el acompañamiento es directo y personalizado en el lugar donde habitan las personas mayores. El programa promueve el proceso de vinculación de las personas mayores al entorno y entrega bonos de protección y prestaciones monetarias.</h6><h6 style="text-align: justify;">El principal objetivo es entregar herramientas a personas mayores en situación de vulnerabilidad social para que logren vincularse con la red de apoyo social de su comuna y con sus pares.</h6><h6 style="text-align: justify;"><strong>Perfil de usuario</strong></h6><h6 style="text-align: justify;">Personas mayores de 65 años o más, que vivan solos o acompañados de una persona de cualquier edad, y que ingresan al nuevo Subsistema de Seguridades y Oportunidades del Ingreso Ético Familiar.</h6><h6 style="text-align: justify;"><strong>Requisitos para ingresar a la oficina</strong></h6><ul style="text-align: justify;"><li><h6>Personas mayores de 65 años o más, que vivan solos o acompañados de una persona de cualquier edad, y que ingresan al nuevo Subsistema de Seguridades y Oportunidades del Ingreso Ético Familiar.</h6></li><li><h6>No se postula, pues las nóminas con los potenciales beneficiarios del programa emana desde el Ministerio de Desarrollo Social a través de la información que entrega el registro social de hogares, los monitores Comunitarios llegan a los domicilios ofreciendo la incorporación al</h6></li></ul><h6 style="text-align: justify;"><strong>Beneficios de la Oficina</strong></h6><ul><li style="text-align: justify;"><h6>Apoyo personalizado que considere sus derechos, opiniones, intereses y potencialidades</h6></li><li style="text-align: justify;"><h6>Se realiza acompañamiento por 24 meses, y su objetivo es apoyar a las personas adultas mayores para que mejoren su bienestar, en áreas tales como: Autonomía, Acceso y vinculación a Redes, Salud, Vivienda y entorno, Seguridad Social, Ingresos y Educación</h6></li><li><h6 style="text-align: justify;">Acceso a servicios y prestaciones, mediante la entrega de bonos y transferencias monetarias según el cumplimiento de los requisitos de acceso establecidos en la Ley 595.</h6></li></ul>								</div>
				</div>
				</div>
		<div class="elementor-element elementor-element-e1605ed e-con-full e-flex e-con e-child" data-id="e1605ed" data-element_type="container" data-e-type="container">
		<div class="elementor-element elementor-element-cda5393 e-con-full e-flex e-con e-child" data-id="cda5393" data-element_type="container" data-e-type="container">
				<div class="elementor-element elementor-element-58cbc6d elementor-widget elementor-widget-pafe-vertical-timeline" data-id="58cbc6d" data-element_type="widget" data-e-type="widget" data-widget_type="pafe-vertical-timeline.default">
				<div class="elementor-widget-container">
							<div class="cd-timeline js-cd-timeline pafe-vertical-timeline" data-pafe-vertical-timeline>
			<div class="cd-timeline__container">
					<div class="cd-timeline__block pafe-vertical-timeline__block">
										
						<div class="cd-timeline__img cd-timeline__img--picture pafe-vertical-timeline__icon">		
							<i class="fa fa-address-book" aria-hidden="true"></i>	
						</div>	
						 
									<div class="cd-timeline__content text-component pafe-vertical-timeline-content" data-pafe-vertical-timeline-content>
						<div class="pafe-vertical-timeline-content__title">Encargada</div>
						<div class="color-contrast-medium pafe-vertical-timeline-content__content"><h6>Claudia Véliz Poblete</h6></div>
			
						<div class="flex justify-between items-center pafe-vertical-timeline__dates">
					        
					        	
					    </div> 							
					</div> 
								
			</div>	  
					<div class="cd-timeline__block pafe-vertical-timeline__block">
										
						<div class="cd-timeline__img cd-timeline__img--picture pafe-vertical-timeline__icon">		
							<i class="fa fa-envelope-open" aria-hidden="true"></i>	
						</div>	
						 
									<div class="cd-timeline__content text-component pafe-vertical-timeline-content" data-pafe-vertical-timeline-content>
						<div class="pafe-vertical-timeline-content__title">Correo</div>
						<div class="color-contrast-medium pafe-vertical-timeline-content__content"><h6>programavinculos@curico.cl</h6></div>
			
						<div class="flex justify-between items-center pafe-vertical-timeline__dates">
					        
					        	
					    </div> 							
					</div> 
								
			</div>	  
					<div class="cd-timeline__block pafe-vertical-timeline__block">
										
						<div class="cd-timeline__img cd-timeline__img--picture pafe-vertical-timeline__icon">		
							<i class="fa fa-map-marker" aria-hidden="true"></i>	
						</div>	
						 
									<div class="cd-timeline__content text-component pafe-vertical-timeline-content" data-pafe-vertical-timeline-content>
						<div class="pafe-vertical-timeline-content__title">Dirección</div>
						<div class="color-contrast-medium pafe-vertical-timeline-content__content"><h6 style="text-align: justify">Calle Maipú N° 776, Curicó.</h6></div>
			
						<div class="flex justify-between items-center pafe-vertical-timeline__dates">
					        
					        	
					    </div> 							
					</div> 
								
			</div>	  
					<div class="cd-timeline__block pafe-vertical-timeline__block">
										
						<div class="cd-timeline__img cd-timeline__img--picture pafe-vertical-timeline__icon">		
							<i class="fa fa-check" aria-hidden="true"></i>	
						</div>	
						 
									<div class="cd-timeline__content text-component pafe-vertical-timeline-content" data-pafe-vertical-timeline-content>
						<div class="pafe-vertical-timeline-content__title">Horario</div>
						<div class="color-contrast-medium pafe-vertical-timeline-content__content"><h6>Lunes a viernes de 08:30 a 14:00 Horas.</h6></div>
			
						<div class="flex justify-between items-center pafe-vertical-timeline__dates">
					        
					        	
					    </div> 							
					</div> 
								
			</div>	  
			
		</div>
						</div>
				</div>
				</div>
		<div class="elementor-element elementor-element-280c714 e-con-full e-flex e-con e-child" data-id="280c714" data-element_type="container" data-e-type="container">
				</div>
				</div>
					</div>
				</div>
				</div>

<p>En acompañamiento continuo para las personas mayores de 65 años que ingresan al nuevo Subsistema de Seguridades y Oportunidades, entregándoles herramientas psicosociales que permitan fortalecer su identidad, autonomía y sentido de pertenencia. El apoyo psicosocial es individual y grupal; el acompañamiento es directo y personalizado en el lugar donde habitan las personas mayores. El programa [&hellip;]</p>

En acompañamiento continuo para las personas mayores de 65 años que ingresan al nuevo Subsistema de Seguridades y Oportunidades, entregándoles herramientas psicosociales que permitan fortalecer su identidad, autonomía y sentido de pertenencia. El apoyo psicosocial es individual y grupal; el acompañamiento es directo y personalizado en el lugar donde habitan las personas mayores. El programa&hellip;
