{"id":2222,"date":"2025-01-25T01:56:50","date_gmt":"2025-01-25T01:56:50","guid":{"rendered":"https:\/\/www.curico.cl\/home\/?page_id=2222"},"modified":"2025-08-07T17:11:03","modified_gmt":"2025-08-07T17:11:03","slug":"programa-residencia-familiar","status":"publish","type":"page","link":"https:\/\/www.curico.cl\/home\/programa-residencia-familiar\/","title":{"rendered":"programa residencia familiar"},"content":{"rendered":"\t\t<div data-elementor-type=\"wp-page\" data-elementor-id=\"2222\" class=\"elementor elementor-2222\" data-elementor-post-type=\"page\">\n\t\t\t\t<div class=\"elementor-element elementor-element-f55dffc e-flex e-con-boxed e-con e-parent\" data-id=\"f55dffc\" data-element_type=\"container\" data-e-type=\"container\">\n\t\t\t\t\t<div class=\"e-con-inner\">\n\t\t<div class=\"elementor-element elementor-element-f192d19 e-con-full e-flex e-con e-child\" data-id=\"f192d19\" data-element_type=\"container\" data-e-type=\"container\">\n\t\t\t\t<div class=\"elementor-element elementor-element-cf9306d elementor-widget elementor-widget-text-editor\" data-id=\"cf9306d\" data-element_type=\"widget\" data-e-type=\"widget\" data-widget_type=\"text-editor.default\">\n\t\t\t\t<div class=\"elementor-widget-container\">\n\t\t\t\t\t\t\t\t\t<p style=\"text-align: justify;\">El Programa de Residencia Familiar Estudiantil, tiene como objeto financiar soporte de vivienda estudiantil que incorpora la entrega de servicios de alimentaci\u00f3n, alojamiento, apoyo afectivo y apoyo pedag\u00f3gico en las casas de Familias Tutoras a\u00a0 los\u00a0 alumnos\u00a0 \/as\u00a0 en\u00a0 condiciones\u00a0 de vulnerabilidad, preferentemente del sector rural, que no disponen de establecimientos educacionales cercanos a sus domicilios y que deben residir en otras localidades o ciudades que cuentan con liceos o escuelas para continuar sus estudios.<\/p><p style=\"text-align: justify;\"><strong>Perfil de usuario<\/strong><\/p><p style=\"text-align: justify;\">Estudiantes que residan en alguna comuna rural o que previenen de alguna localidad aislada o urbana con reducida oferta de colegios.<\/p><p style=\"text-align: justify;\"><strong>Requisitos para obtener el beneficio<\/strong><\/p><p style=\"text-align: justify;\">Los alumnos interesados en participar del programa deber\u00e1n llenar un formulario de postulaci\u00f3n a trav\u00e9s de la WEB en la p\u00e1gina <a href=\"http:\/\/www.junaeb.cl\/\">www.junaeb.cl<\/a><\/p><p style=\"text-align: justify;\">Y cumplir con los siguientes requisitos:<\/p><ul style=\"text-align: justify;\"><li>Residir en comunas con un porcentaje igual o mayor al 50% de ruralidad.<\/li><li>Cursar desde segundo ciclo de Educaci\u00f3n B\u00e1sica (5\u00b0 a 8\u00b0 b\u00e1sico y Ense\u00f1anza Media) en establecimientos educacionales subvencionados por el Estado.<\/li><li>Contar con un tramo en el Registro Social de Hogares (RSH).<\/li><\/ul><p style=\"text-align: justify;\"><strong>Beneficios de la Oficina<\/strong><\/p><ul style=\"text-align: justify;\"><li>Favoreces a los alumnos\/as en condiciones de mayor vulnerabilidad en el Sistema<\/li><li>Potenciar a j\u00f3venes en situaci\u00f3n de vulnerabilidad provenientes preferentemente de sectores rurales.<\/li><li>Los alumnos reciben alojamiento, alimentaci\u00f3n y apoyo afectivo en casa de familias tutoras.<\/li><li>Los alumnos reciben apoyo pedag\u00f3gico y acompa\u00f1amiento escolar sistem\u00e1tico por parte de las Entidades Ejecutoras.<\/li><\/ul><ul><li style=\"text-align: justify;\">Reforzar vinculaci\u00f3n y participaci\u00f3n en las Familias de Origen en el proceso Educativo de sus Hijos\/as.<\/li><li style=\"text-align: justify;\">Entre otros.<\/li><\/ul>\t\t\t\t\t\t\t\t<\/div>\n\t\t\t\t<\/div>\n\t\t\t\t<\/div>\n\t\t<div class=\"elementor-element elementor-element-93721e1 e-con-full e-flex e-con e-child\" data-id=\"93721e1\" data-element_type=\"container\" data-e-type=\"container\">\n\t\t<div class=\"elementor-element elementor-element-54dd03e e-con-full e-flex e-con e-child\" data-id=\"54dd03e\" data-element_type=\"container\" data-e-type=\"container\">\n\t\t\t\t<div class=\"elementor-element elementor-element-6c7db6a elementor-widget elementor-widget-pafe-vertical-timeline\" data-id=\"6c7db6a\" data-element_type=\"widget\" data-e-type=\"widget\" data-widget_type=\"pafe-vertical-timeline.default\">\n\t\t\t\t<div class=\"elementor-widget-container\">\n\t\t\t\t\t\t\t<div class=\"cd-timeline js-cd-timeline pafe-vertical-timeline\" data-pafe-vertical-timeline>\n\t\t\t<div class=\"cd-timeline__container\">\n\t\t\t\t\t<div class=\"cd-timeline__block pafe-vertical-timeline__block\">\n\t\t\t\t\t\t\t\t\t\t\n\t\t\t\t\t\t<div class=\"cd-timeline__img cd-timeline__img--picture pafe-vertical-timeline__icon\">\t\t\n\t\t\t\t\t\t\t<i class=\"fa fa-address-book\" aria-hidden=\"true\"><\/i>\t\n\t\t\t\t\t\t<\/div>\t\n\t\t\t\t\t\t \n\t\t\t\t\t\t\t\t\t<div class=\"cd-timeline__content text-component pafe-vertical-timeline-content\" data-pafe-vertical-timeline-content>\n\t\t\t\t\t\t<div class=\"pafe-vertical-timeline-content__title\">Encargada<\/div>\n\t\t\t\t\t\t<div class=\"color-contrast-medium pafe-vertical-timeline-content__content\"><h6>Ximena Ya\u00f1ez Rojas Subroga: Constanza D\u00edaz Ahumada<\/h6><h6>Subrogante2: M. In\u00e9s Espinosa Guerra<\/h6><\/div>\n\t\t\t\n\t\t\t\t\t\t<div class=\"flex justify-between items-center pafe-vertical-timeline__dates\">\n\t\t\t\t\t        \n\t\t\t\t\t        \t\n\t\t\t\t\t    <\/div> \t\t\t\t\t\t\t\n\t\t\t\t\t<\/div> \n\t\t\t\t\t\t\t\t\n\t\t\t<\/div>\t  \n\t\t\t\t\t<div class=\"cd-timeline__block pafe-vertical-timeline__block\">\n\t\t\t\t\t\t\t\t\t\t\n\t\t\t\t\t\t<div class=\"cd-timeline__img cd-timeline__img--picture pafe-vertical-timeline__icon\">\t\t\n\t\t\t\t\t\t\t<i class=\"fa fa-envelope-open\" aria-hidden=\"true\"><\/i>\t\n\t\t\t\t\t\t<\/div>\t\n\t\t\t\t\t\t \n\t\t\t\t\t\t\t\t\t<div class=\"cd-timeline__content text-component pafe-vertical-timeline-content\" data-pafe-vertical-timeline-content>\n\t\t\t\t\t\t<div class=\"pafe-vertical-timeline-content__title\">Correo<\/div>\n\t\t\t\t\t\t<div class=\"color-contrast-medium pafe-vertical-timeline-content__content\"><h6>social@curico.cl<\/h6><\/div>\n\t\t\t\n\t\t\t\t\t\t<div class=\"flex justify-between items-center pafe-vertical-timeline__dates\">\n\t\t\t\t\t        \n\t\t\t\t\t        \t\n\t\t\t\t\t    <\/div> \t\t\t\t\t\t\t\n\t\t\t\t\t<\/div> \n\t\t\t\t\t\t\t\t\n\t\t\t<\/div>\t  \n\t\t\t\t\t<div class=\"cd-timeline__block pafe-vertical-timeline__block\">\n\t\t\t\t\t\t\t\t\t\t\n\t\t\t\t\t\t<div class=\"cd-timeline__img cd-timeline__img--picture pafe-vertical-timeline__icon\">\t\t\n\t\t\t\t\t\t\t<i class=\"fa fa-map-marker\" aria-hidden=\"true\"><\/i>\t\n\t\t\t\t\t\t<\/div>\t\n\t\t\t\t\t\t \n\t\t\t\t\t\t\t\t\t<div class=\"cd-timeline__content text-component pafe-vertical-timeline-content\" data-pafe-vertical-timeline-content>\n\t\t\t\t\t\t<div class=\"pafe-vertical-timeline-content__title\">Direcci\u00f3n<\/div>\n\t\t\t\t\t\t<div class=\"color-contrast-medium pafe-vertical-timeline-content__content\"><h6>Estado 279, primer piso<\/h6><\/div>\n\t\t\t\n\t\t\t\t\t\t<div class=\"flex justify-between items-center pafe-vertical-timeline__dates\">\n\t\t\t\t\t        \n\t\t\t\t\t        \t\n\t\t\t\t\t    <\/div> \t\t\t\t\t\t\t\n\t\t\t\t\t<\/div> \n\t\t\t\t\t\t\t\t\n\t\t\t<\/div>\t  \n\t\t\t\t\t<div class=\"cd-timeline__block pafe-vertical-timeline__block\">\n\t\t\t\t\t\t\t\t\t\t\n\t\t\t\t\t\t<div class=\"cd-timeline__img cd-timeline__img--picture pafe-vertical-timeline__icon\">\t\t\n\t\t\t\t\t\t\t<i class=\"fa fa-check\" aria-hidden=\"true\"><\/i>\t\n\t\t\t\t\t\t<\/div>\t\n\t\t\t\t\t\t \n\t\t\t\t\t\t\t\t\t<div class=\"cd-timeline__content text-component pafe-vertical-timeline-content\" data-pafe-vertical-timeline-content>\n\t\t\t\t\t\t<div class=\"pafe-vertical-timeline-content__title\">Horario<\/div>\n\t\t\t\t\t\t<div class=\"color-contrast-medium pafe-vertical-timeline-content__content\"><p style=\"text-align: justify\">Atenci\u00f3n de p\u00fablico: lunes a viernes desde las 08:30 a las 14:00 hrs. Citaciones a usuarios para informe sociales u otros desde las 15:00 a las 17:15 hrs.<\/p><\/div>\n\t\t\t\n\t\t\t\t\t\t<div class=\"flex justify-between items-center pafe-vertical-timeline__dates\">\n\t\t\t\t\t        \n\t\t\t\t\t        \t\n\t\t\t\t\t    <\/div> \t\t\t\t\t\t\t\n\t\t\t\t\t<\/div> \n\t\t\t\t\t\t\t\t\n\t\t\t<\/div>\t  \n\t\t\t\n\t\t<\/div>\n\t\t\t\t\t\t<\/div>\n\t\t\t\t<\/div>\n\t\t\t\t<\/div>\n\t\t<div class=\"elementor-element elementor-element-f95888b e-con-full e-flex e-con e-child\" data-id=\"f95888b\" data-element_type=\"container\" data-e-type=\"container\">\n\t\t\t\t<\/div>\n\t\t\t\t<\/div>\n\t\t\t\t\t<\/div>\n\t\t\t\t<\/div>\n\t\t\t\t<\/div>\n\t\t","protected":false},"excerpt":{"rendered":"<p>El Programa de Residencia Familiar Estudiantil, tiene como objeto financiar soporte de vivienda estudiantil que incorpora la entrega de servicios de alimentaci\u00f3n, alojamiento, apoyo afectivo y apoyo pedag\u00f3gico en las casas de Familias Tutoras a\u00a0 los\u00a0 alumnos\u00a0 \/as\u00a0 en\u00a0 condiciones\u00a0 de vulnerabilidad, preferentemente del sector rural, que no disponen de establecimientos educacionales cercanos a sus [&hellip;]<\/p>\n","protected":false},"author":1,"featured_media":0,"parent":0,"menu_order":0,"comment_status":"closed","ping_status":"closed","template":"elementor_header_footer","meta":{"footnotes":""},"class_list":["post-2222","page","type-page","status-publish","hentry"],"rttpg_featured_image_url":null,"rttpg_author":{"display_name":"municco","author_link":"https:\/\/www.curico.cl\/home\/author\/municco\/"},"rttpg_comment":0,"rttpg_category":null,"rttpg_excerpt":"El Programa de Residencia Familiar Estudiantil, tiene como objeto financiar soporte de vivienda estudiantil que incorpora la entrega de servicios de alimentaci\u00f3n, alojamiento, apoyo afectivo y apoyo pedag\u00f3gico en las casas de Familias Tutoras a\u00a0 los\u00a0 alumnos\u00a0 \/as\u00a0 en\u00a0 condiciones\u00a0 de vulnerabilidad, preferentemente del sector rural, que no disponen de establecimientos educacionales cercanos a sus&hellip;","_links":{"self":[{"href":"https:\/\/www.curico.cl\/home\/wp-json\/wp\/v2\/pages\/2222","targetHints":{"allow":["GET"]}}],"collection":[{"href":"https:\/\/www.curico.cl\/home\/wp-json\/wp\/v2\/pages"}],"about":[{"href":"https:\/\/www.curico.cl\/home\/wp-json\/wp\/v2\/types\/page"}],"author":[{"embeddable":true,"href":"https:\/\/www.curico.cl\/home\/wp-json\/wp\/v2\/users\/1"}],"replies":[{"embeddable":true,"href":"https:\/\/www.curico.cl\/home\/wp-json\/wp\/v2\/comments?post=2222"}],"version-history":[{"count":3,"href":"https:\/\/www.curico.cl\/home\/wp-json\/wp\/v2\/pages\/2222\/revisions"}],"predecessor-version":[{"id":4576,"href":"https:\/\/www.curico.cl\/home\/wp-json\/wp\/v2\/pages\/2222\/revisions\/4576"}],"wp:attachment":[{"href":"https:\/\/www.curico.cl\/home\/wp-json\/wp\/v2\/media?parent=2222"}],"curies":[{"name":"wp","href":"https:\/\/api.w.org\/{rel}","templated":true}]}}